{"id":10206,"date":"2022-07-31T00:52:03","date_gmt":"2022-07-30T22:52:03","guid":{"rendered":"https:\/\/test.bonaparts.fr\/?post_type=product&#038;p=10206"},"modified":"2022-08-09T02:04:11","modified_gmt":"2022-08-09T00:04:11","slug":"pignon-darbre-a-came-avec-dephasage-reglable-klx110-ksr110","status":"publish","type":"product","link":"https:\/\/test.bonaparts.fr\/?product=pignon-darbre-a-came-avec-dephasage-reglable-klx110-ksr110","title":{"rendered":"Pignon d&#8217;arbre \u00e0 came avec d\u00e9phasage r\u00e9glable KLX110 KSR110"},"content":{"rendered":"<p>Pignon d&#8217;arbre \u00e0 came avec d\u00e9phasage r\u00e9glable pr\u00e9vus pour se monter sur les Kawasaki KLX110 et KSR110 tout mod\u00e8les confondus.<br \/>\nCe pignon vous permet d\u2019ajuster votre calage d\u2019arbre \u00e0 came de mani\u00e8re optimale par le bias de quatre vis BTR de 4mm. <em>(N\u00e9cessite des comparateurs et un disque gradu\u00e9 pour ajuster ce r\u00e9glage).\u00a0<\/em><\/p>\n<p>&nbsp;<\/p>\n<p><em>Produit en stock chez notre fournisseur, disponible sous 7 jours ouvrables.<\/em><\/p>\n","protected":false},"excerpt":{"rendered":"<p>Pignon d&#8217;arbre \u00e0 came avec d\u00e9phasage r\u00e9glable pr\u00e9vus pour se monter sur les Kawasaki KLX110 et KSR110 tout mod\u00e8les confondus. Ce pignon vous permet d\u2019ajuster votre calage d\u2019arbre \u00e0 came de mani\u00e8re optimale par le bias de quatre vis BTR de 4mm. (N\u00e9cessite des comparateurs et un disque gradu\u00e9 pour ajuster ce r\u00e9glage).\u00a0 &nbsp; Produit [&hellip;]<\/p>\n","protected":false},"featured_media":10259,"template":"","meta":[],"product_brand":[],"product_cat":[6607],"product_tag":[7954,7953,7952,7957,7956,7955,7959,7958],"pa_autre-numero-de-piece":[],"pa_type":[],"class_list":{"0":"post-10206","1":"product","2":"type-product","3":"status-publish","4":"has-post-thumbnail","6":"product_cat-distribution-klx110","7":"product_tag-arbre-a-came-kawasaki-klx110","8":"product_tag-arbre-a-came-klx-110","9":"product_tag-arbre-a-came-racing-klx-110","10":"product_tag-pignon-arbre-a-came-kawasaki-klx-110","11":"product_tag-pignon-arbre-a-came-klx-110","12":"product_tag-pignon-arbre-a-came-klx110","13":"product_tag-pignon-arbre-a-came-reglable-klx-110","14":"product_tag-pignon-arbre-a-came-reglable-klx110","16":"first","17":"onbackorder","18":"shipping-taxable","19":"purchasable","20":"product-type-simple"},"yoast_head":"<!-- This site is optimized with the Yoast SEO plugin v26.0 - https:\/\/yoast.com\/wordpress\/plugins\/seo\/ -->\n<title>Pignon d&#039;arbre \u00e0 came avec d\u00e9phasage r\u00e9glable KLX110 KSR110 - BONAPARTS<\/title>\n<meta name=\"robots\" content=\"index, follow, max-snippet:-1, max-image-preview:large, max-video-preview:-1\" \/>\n<link rel=\"canonical\" href=\"https:\/\/test.bonaparts.fr\/produit\/pignon-darbre-a-came-avec-dephasage-reglable-klx110-ksr110\/\" \/>\n<meta property=\"og:locale\" content=\"fr_FR\" \/>\n<meta property=\"og:type\" content=\"article\" \/>\n<meta property=\"og:title\" content=\"Pignon d&#039;arbre \u00e0 came avec d\u00e9phasage r\u00e9glable KLX110 KSR110 - BONAPARTS\" \/>\n<meta property=\"og:description\" content=\"Pignon d&#8217;arbre \u00e0 came avec d\u00e9phasage r\u00e9glable pr\u00e9vus pour se monter sur les Kawasaki KLX110 et KSR110 tout mod\u00e8les confondus. Ce pignon vous permet d\u2019ajuster votre calage d\u2019arbre \u00e0 came de mani\u00e8re optimale par le bias de quatre vis BTR de 4mm. (N\u00e9cessite des comparateurs et un disque gradu\u00e9 pour ajuster ce r\u00e9glage).\u00a0 &nbsp; Produit [&hellip;]\" \/>\n<meta property=\"og:url\" content=\"https:\/\/test.bonaparts.fr\/produit\/pignon-darbre-a-came-avec-dephasage-reglable-klx110-ksr110\/\" \/>\n<meta property=\"og:site_name\" content=\"BONAPARTS\" \/>\n<meta property=\"article:publisher\" content=\"https:\/\/www.facebook.com\/Bonaparts\/\" \/>\n<meta property=\"article:modified_time\" content=\"2022-08-09T00:04:11+00:00\" \/>\n<meta property=\"og:image\" content=\"https:\/\/i0.wp.com\/bonaparts.fr\/wp-content\/uploads\/2022\/07\/pignon-aac-reglable-klx-110-2.png?fit=370%2C306&ssl=1\" \/>\n\t<meta property=\"og:image:width\" content=\"370\" \/>\n\t<meta property=\"og:image:height\" content=\"306\" \/>\n\t<meta property=\"og:image:type\" content=\"image\/png\" \/>\n<meta name=\"twitter:card\" content=\"summary_large_image\" \/>\n<meta name=\"twitter:label1\" content=\"Dur\u00e9e de lecture estim\u00e9e\" \/>\n\t<meta name=\"twitter:data1\" content=\"1 minute\" \/>\n<script type=\"application\/ld+json\" class=\"yoast-schema-graph\">{\"@context\":\"https:\/\/schema.org\",\"@graph\":[{\"@type\":\"WebPage\",\"@id\":\"https:\/\/test.bonaparts.fr\/produit\/pignon-darbre-a-came-avec-dephasage-reglable-klx110-ksr110\/\",\"url\":\"https:\/\/test.bonaparts.fr\/produit\/pignon-darbre-a-came-avec-dephasage-reglable-klx110-ksr110\/\",\"name\":\"Pignon d'arbre \u00e0 came avec d\u00e9phasage r\u00e9glable KLX110 KSR110 - BONAPARTS\",\"isPartOf\":{\"@id\":\"https:\/\/test.bonaparts.fr\/#website\"},\"primaryImageOfPage\":{\"@id\":\"https:\/\/test.bonaparts.fr\/produit\/pignon-darbre-a-came-avec-dephasage-reglable-klx110-ksr110\/#primaryimage\"},\"image\":{\"@id\":\"https:\/\/test.bonaparts.fr\/produit\/pignon-darbre-a-came-avec-dephasage-reglable-klx110-ksr110\/#primaryimage\"},\"thumbnailUrl\":\"https:\/\/test.bonaparts.fr\/wp-content\/uploads\/2022\/07\/pignon-aac-reglable-klx-110-2.png\",\"datePublished\":\"2022-07-30T22:52:03+00:00\",\"dateModified\":\"2022-08-09T00:04:11+00:00\",\"breadcrumb\":{\"@id\":\"https:\/\/test.bonaparts.fr\/produit\/pignon-darbre-a-came-avec-dephasage-reglable-klx110-ksr110\/#breadcrumb\"},\"inLanguage\":\"fr-FR\",\"potentialAction\":[{\"@type\":\"ReadAction\",\"target\":[\"https:\/\/test.bonaparts.fr\/produit\/pignon-darbre-a-came-avec-dephasage-reglable-klx110-ksr110\/\"]}]},{\"@type\":\"ImageObject\",\"inLanguage\":\"fr-FR\",\"@id\":\"https:\/\/test.bonaparts.fr\/produit\/pignon-darbre-a-came-avec-dephasage-reglable-klx110-ksr110\/#primaryimage\",\"url\":\"https:\/\/test.bonaparts.fr\/wp-content\/uploads\/2022\/07\/pignon-aac-reglable-klx-110-2.png\",\"contentUrl\":\"https:\/\/test.bonaparts.fr\/wp-content\/uploads\/2022\/07\/pignon-aac-reglable-klx-110-2.png\",\"width\":370,\"height\":306},{\"@type\":\"BreadcrumbList\",\"@id\":\"https:\/\/test.bonaparts.fr\/produit\/pignon-darbre-a-came-avec-dephasage-reglable-klx110-ksr110\/#breadcrumb\",\"itemListElement\":[{\"@type\":\"ListItem\",\"position\":1,\"name\":\"Accueil\",\"item\":\"https:\/\/test.bonaparts.fr\/\"},{\"@type\":\"ListItem\",\"position\":2,\"name\":\"Accueil\",\"item\":\"https:\/\/test.bonaparts.fr\/?page_id=823\"},{\"@type\":\"ListItem\",\"position\":3,\"name\":\"Pignon d&#8217;arbre \u00e0 came avec d\u00e9phasage r\u00e9glable KLX110 KSR110\"}]},{\"@type\":\"WebSite\",\"@id\":\"https:\/\/test.bonaparts.fr\/#website\",\"url\":\"https:\/\/test.bonaparts.fr\/\",\"name\":\"BONAPARTS\",\"description\":\"Pi\u00e8ces d\u00e9tach\u00e9es neuves et d&#039;occasion moto et scooter, sp\u00e9cialiste mono-cylindre 4 temps.\",\"publisher\":{\"@id\":\"https:\/\/test.bonaparts.fr\/#organization\"},\"potentialAction\":[{\"@type\":\"SearchAction\",\"target\":{\"@type\":\"EntryPoint\",\"urlTemplate\":\"https:\/\/test.bonaparts.fr\/?s={search_term_string}\"},\"query-input\":{\"@type\":\"PropertyValueSpecification\",\"valueRequired\":true,\"valueName\":\"search_term_string\"}}],\"inLanguage\":\"fr-FR\"},{\"@type\":\"Organization\",\"@id\":\"https:\/\/test.bonaparts.fr\/#organization\",\"name\":\"BONAPARTS\",\"url\":\"https:\/\/test.bonaparts.fr\/\",\"logo\":{\"@type\":\"ImageObject\",\"inLanguage\":\"fr-FR\",\"@id\":\"https:\/\/test.bonaparts.fr\/#\/schema\/logo\/image\/\",\"url\":\"https:\/\/test.bonaparts.fr\/wp-content\/uploads\/2022\/02\/bonawrench-gris-FINAL.png\",\"contentUrl\":\"https:\/\/test.bonaparts.fr\/wp-content\/uploads\/2022\/02\/bonawrench-gris-FINAL.png\",\"width\":1198,\"height\":1080,\"caption\":\"BONAPARTS\"},\"image\":{\"@id\":\"https:\/\/test.bonaparts.fr\/#\/schema\/logo\/image\/\"},\"sameAs\":[\"https:\/\/www.facebook.com\/Bonaparts\/\",\"https:\/\/www.instagram.com\/bona.parts\/?hl=fr\",\"https:\/\/www.youtube.com\/channel\/UCkO8GGQvOEb61jAxA_G9zXQ\"]}]}<\/script>\n<!-- \/ Yoast SEO plugin. -->","yoast_head_json":{"title":"Pignon d'arbre \u00e0 came avec d\u00e9phasage r\u00e9glable KLX110 KSR110 - BONAPARTS","robots":{"index":"index","follow":"follow","max-snippet":"max-snippet:-1","max-image-preview":"max-image-preview:large","max-video-preview":"max-video-preview:-1"},"canonical":"https:\/\/test.bonaparts.fr\/produit\/pignon-darbre-a-came-avec-dephasage-reglable-klx110-ksr110\/","og_locale":"fr_FR","og_type":"article","og_title":"Pignon d'arbre \u00e0 came avec d\u00e9phasage r\u00e9glable KLX110 KSR110 - BONAPARTS","og_description":"Pignon d&#8217;arbre \u00e0 came avec d\u00e9phasage r\u00e9glable pr\u00e9vus pour se monter sur les Kawasaki KLX110 et KSR110 tout mod\u00e8les confondus. Ce pignon vous permet d\u2019ajuster votre calage d\u2019arbre \u00e0 came de mani\u00e8re optimale par le bias de quatre vis BTR de 4mm. (N\u00e9cessite des comparateurs et un disque gradu\u00e9 pour ajuster ce r\u00e9glage).\u00a0 &nbsp; Produit [&hellip;]","og_url":"https:\/\/test.bonaparts.fr\/produit\/pignon-darbre-a-came-avec-dephasage-reglable-klx110-ksr110\/","og_site_name":"BONAPARTS","article_publisher":"https:\/\/www.facebook.com\/Bonaparts\/","article_modified_time":"2022-08-09T00:04:11+00:00","og_image":[{"width":370,"height":306,"url":"https:\/\/i0.wp.com\/bonaparts.fr\/wp-content\/uploads\/2022\/07\/pignon-aac-reglable-klx-110-2.png?fit=370%2C306&ssl=1","type":"image\/png"}],"twitter_card":"summary_large_image","twitter_misc":{"Dur\u00e9e de lecture estim\u00e9e":"1 minute"},"schema":{"@context":"https:\/\/schema.org","@graph":[{"@type":"WebPage","@id":"https:\/\/test.bonaparts.fr\/produit\/pignon-darbre-a-came-avec-dephasage-reglable-klx110-ksr110\/","url":"https:\/\/test.bonaparts.fr\/produit\/pignon-darbre-a-came-avec-dephasage-reglable-klx110-ksr110\/","name":"Pignon d'arbre \u00e0 came avec d\u00e9phasage r\u00e9glable KLX110 KSR110 - BONAPARTS","isPartOf":{"@id":"https:\/\/test.bonaparts.fr\/#website"},"primaryImageOfPage":{"@id":"https:\/\/test.bonaparts.fr\/produit\/pignon-darbre-a-came-avec-dephasage-reglable-klx110-ksr110\/#primaryimage"},"image":{"@id":"https:\/\/test.bonaparts.fr\/produit\/pignon-darbre-a-came-avec-dephasage-reglable-klx110-ksr110\/#primaryimage"},"thumbnailUrl":"https:\/\/test.bonaparts.fr\/wp-content\/uploads\/2022\/07\/pignon-aac-reglable-klx-110-2.png","datePublished":"2022-07-30T22:52:03+00:00","dateModified":"2022-08-09T00:04:11+00:00","breadcrumb":{"@id":"https:\/\/test.bonaparts.fr\/produit\/pignon-darbre-a-came-avec-dephasage-reglable-klx110-ksr110\/#breadcrumb"},"inLanguage":"fr-FR","potentialAction":[{"@type":"ReadAction","target":["https:\/\/test.bonaparts.fr\/produit\/pignon-darbre-a-came-avec-dephasage-reglable-klx110-ksr110\/"]}]},{"@type":"ImageObject","inLanguage":"fr-FR","@id":"https:\/\/test.bonaparts.fr\/produit\/pignon-darbre-a-came-avec-dephasage-reglable-klx110-ksr110\/#primaryimage","url":"https:\/\/test.bonaparts.fr\/wp-content\/uploads\/2022\/07\/pignon-aac-reglable-klx-110-2.png","contentUrl":"https:\/\/test.bonaparts.fr\/wp-content\/uploads\/2022\/07\/pignon-aac-reglable-klx-110-2.png","width":370,"height":306},{"@type":"BreadcrumbList","@id":"https:\/\/test.bonaparts.fr\/produit\/pignon-darbre-a-came-avec-dephasage-reglable-klx110-ksr110\/#breadcrumb","itemListElement":[{"@type":"ListItem","position":1,"name":"Accueil","item":"https:\/\/test.bonaparts.fr\/"},{"@type":"ListItem","position":2,"name":"Accueil","item":"https:\/\/test.bonaparts.fr\/?page_id=823"},{"@type":"ListItem","position":3,"name":"Pignon d&#8217;arbre \u00e0 came avec d\u00e9phasage r\u00e9glable KLX110 KSR110"}]},{"@type":"WebSite","@id":"https:\/\/test.bonaparts.fr\/#website","url":"https:\/\/test.bonaparts.fr\/","name":"BONAPARTS","description":"Pi\u00e8ces d\u00e9tach\u00e9es neuves et d&#039;occasion moto et scooter, sp\u00e9cialiste mono-cylindre 4 temps.","publisher":{"@id":"https:\/\/test.bonaparts.fr\/#organization"},"potentialAction":[{"@type":"SearchAction","target":{"@type":"EntryPoint","urlTemplate":"https:\/\/test.bonaparts.fr\/?s={search_term_string}"},"query-input":{"@type":"PropertyValueSpecification","valueRequired":true,"valueName":"search_term_string"}}],"inLanguage":"fr-FR"},{"@type":"Organization","@id":"https:\/\/test.bonaparts.fr\/#organization","name":"BONAPARTS","url":"https:\/\/test.bonaparts.fr\/","logo":{"@type":"ImageObject","inLanguage":"fr-FR","@id":"https:\/\/test.bonaparts.fr\/#\/schema\/logo\/image\/","url":"https:\/\/test.bonaparts.fr\/wp-content\/uploads\/2022\/02\/bonawrench-gris-FINAL.png","contentUrl":"https:\/\/test.bonaparts.fr\/wp-content\/uploads\/2022\/02\/bonawrench-gris-FINAL.png","width":1198,"height":1080,"caption":"BONAPARTS"},"image":{"@id":"https:\/\/test.bonaparts.fr\/#\/schema\/logo\/image\/"},"sameAs":["https:\/\/www.facebook.com\/Bonaparts\/","https:\/\/www.instagram.com\/bona.parts\/?hl=fr","https:\/\/www.youtube.com\/channel\/UCkO8GGQvOEb61jAxA_G9zXQ"]}]}},"pbg_featured_image_src":{"full":["https:\/\/test.bonaparts.fr\/wp-content\/uploads\/2022\/07\/pignon-aac-reglable-klx-110-2.png",370,306,false],"thumbnail":["https:\/\/test.bonaparts.fr\/wp-content\/uploads\/2022\/07\/pignon-aac-reglable-klx-110-2-150x150.png",150,150,true],"medium":["https:\/\/test.bonaparts.fr\/wp-content\/uploads\/2022\/07\/pignon-aac-reglable-klx-110-2-300x248.png",300,248,true],"medium_large":["https:\/\/test.bonaparts.fr\/wp-content\/uploads\/2022\/07\/pignon-aac-reglable-klx-110-2.png",370,306,false],"large":["https:\/\/test.bonaparts.fr\/wp-content\/uploads\/2022\/07\/pignon-aac-reglable-klx-110-2.png",370,306,false],"1536x1536":["https:\/\/test.bonaparts.fr\/wp-content\/uploads\/2022\/07\/pignon-aac-reglable-klx-110-2.png",370,306,false],"2048x2048":["https:\/\/test.bonaparts.fr\/wp-content\/uploads\/2022\/07\/pignon-aac-reglable-klx-110-2.png",370,306,false],"wptouch-new-thumbnail":["https:\/\/test.bonaparts.fr\/wp-content\/uploads\/2022\/07\/pignon-aac-reglable-klx-110-2-144x144.png",144,144,true],"woocommerce_thumbnail":["https:\/\/test.bonaparts.fr\/wp-content\/uploads\/2022\/07\/pignon-aac-reglable-klx-110-2-324x306.png",324,306,true],"woocommerce_single":["https:\/\/test.bonaparts.fr\/wp-content\/uploads\/2022\/07\/pignon-aac-reglable-klx-110-2.png",370,306,false],"woocommerce_gallery_thumbnail":["https:\/\/test.bonaparts.fr\/wp-content\/uploads\/2022\/07\/pignon-aac-reglable-klx-110-2-100x100.png",100,100,true],"wcpr-photo-reviews":["https:\/\/test.bonaparts.fr\/wp-content\/uploads\/2022\/07\/pignon-aac-reglable-klx-110-2.png",370,306,false]},"pbg_author_info":{"display_name":"BONAPARTS","author_link":"https:\/\/test.bonaparts.fr\/?author=0","author_img":"<img alt='BONAPARTS' src='https:\/\/secure.gravatar.com\/avatar\/ee8ffa5ba89d5ffd342c9b67f99c1f2f5462d5ca62704a21f66b42e75e1d19ff?s=128&#038;d=identicon&#038;r=g' srcset='https:\/\/secure.gravatar.com\/avatar\/ee8ffa5ba89d5ffd342c9b67f99c1f2f5462d5ca62704a21f66b42e75e1d19ff?s=256&#038;d=identicon&#038;r=g 2x' class='avatar avatar-128 photo' height='128' width='128' decoding='async'\/>"},"pbg_comment_info":" No Comments","pbg_excerpt":"Pignon d&#8217;arbre \u00e0 came avec d\u00e9phasage r\u00e9glable pr\u00e9vus pour se monter sur les Kawasaki KLX110 et KSR110 tout mod\u00e8les confondus. Ce pignon vous permet d\u2019ajuster votre calage d\u2019arbre \u00e0 came de mani\u00e8re optimale par le bias de quatre vis BTR de 4mm. (N\u00e9cessite des comparateurs et un disque gradu\u00e9 pour ajuster ce r\u00e9glage).\u00a0 &nbsp; Produit\u2026","jetpack_likes_enabled":false,"jetpack_sharing_enabled":true,"_links":{"self":[{"href":"https:\/\/test.bonaparts.fr\/index.php?rest_route=\/wp\/v2\/product\/10206","targetHints":{"allow":["GET"]}}],"collection":[{"href":"https:\/\/test.bonaparts.fr\/index.php?rest_route=\/wp\/v2\/product"}],"about":[{"href":"https:\/\/test.bonaparts.fr\/index.php?rest_route=\/wp\/v2\/types\/product"}],"wp:featuredmedia":[{"embeddable":true,"href":"https:\/\/test.bonaparts.fr\/index.php?rest_route=\/wp\/v2\/media\/10259"}],"wp:attachment":[{"href":"https:\/\/test.bonaparts.fr\/index.php?rest_route=%2Fwp%2Fv2%2Fmedia&parent=10206"}],"wp:term":[{"taxonomy":"product_brand","embeddable":true,"href":"https:\/\/test.bonaparts.fr\/index.php?rest_route=%2Fwp%2Fv2%2Fproduct_brand&post=10206"},{"taxonomy":"product_cat","embeddable":true,"href":"https:\/\/test.bonaparts.fr\/index.php?rest_route=%2Fwp%2Fv2%2Fproduct_cat&post=10206"},{"taxonomy":"product_tag","embeddable":true,"href":"https:\/\/test.bonaparts.fr\/index.php?rest_route=%2Fwp%2Fv2%2Fproduct_tag&post=10206"},{"taxonomy":"pa_autre-numero-de-piece","embeddable":true,"href":"https:\/\/test.bonaparts.fr\/index.php?rest_route=%2Fwp%2Fv2%2Fpa_autre-numero-de-piece&post=10206"},{"taxonomy":"pa_type","embeddable":true,"href":"https:\/\/test.bonaparts.fr\/index.php?rest_route=%2Fwp%2Fv2%2Fpa_type&post=10206"}],"curies":[{"name":"wp","href":"https:\/\/api.w.org\/{rel}","templated":true}]}}