{"id":10429,"date":"2022-09-12T15:10:35","date_gmt":"2022-09-12T13:10:35","guid":{"rendered":"https:\/\/test.bonaparts.fr\/?post_type=product&#038;p=10429"},"modified":"2022-09-12T15:12:04","modified_gmt":"2022-09-12T13:12:04","slug":"carburateur-nibbi-pe30","status":"publish","type":"product","link":"https:\/\/test.bonaparts.fr\/?product=carburateur-nibbi-pe30","title":{"rendered":"Carburateur Nibbi PE30 Racing"},"content":{"rendered":"<p>Carburateur Nibbi PE28 Racing. Exploitez le meilleur de votre moteur avec la gamme performance de la marque Nibbi.<\/p>\n<p>Id\u00e9al pour les moteurs de 190cc \u00e0 212cc, ce mod\u00e8le &#8220;racing&#8221; propose un tr\u00e8s bon niveau de finition, le corps du carburateur est\u00a0 peint en noir mat avec chapeau et vis de r\u00e9glage du ralentit en aluminium CNC anodis\u00e9 rouge.<\/p>\n<p>Le carburateur est livr\u00e9 avec trois gicleurs principaux et un de ralentit, deux stickers et un manuel d&#8217;utilisateur.<\/p>\n<p>Diam\u00e8tre d&#8217;emboitement manchon pipe d&#8217;admission : 35mm<\/p>\n<p>Diam\u00e8tre d&#8217;emboitement filtre \u00e0 air : 49.5mm<\/p>\n<p>&nbsp;<\/p>\n<p style=\"text-align: right;\">Expedition depuis les locaux de notre fournisseur, 4-5 jours ouvrables.<\/p>\n<p>&nbsp;<\/p>\n","protected":false},"excerpt":{"rendered":"<p>Carburateur Nibbi PE28 Racing. Exploitez le meilleur de votre moteur avec la gamme performance de la marque Nibbi. Id\u00e9al pour les moteurs de 190cc \u00e0 212cc, ce mod\u00e8le &#8220;racing&#8221; propose un tr\u00e8s bon niveau de finition, le corps du carburateur est\u00a0 peint en noir mat avec chapeau et vis de r\u00e9glage du ralentit en aluminium [&hellip;]<\/p>\n","protected":false},"featured_media":10424,"template":"","meta":[],"product_brand":[],"product_cat":[7896,6507,6500,6491,6671,6419,6514,6468,6638,6437,6598,6461,6791,6783,6798,6812,6769,6776,6819,6833,6826,6476],"product_tag":[8106,8107,8111],"pa_autre-numero-de-piece":[],"pa_type":[],"class_list":{"0":"post-10429","1":"product","2":"type-product","3":"status-publish","4":"has-post-thumbnail","6":"product_cat-admission-honda-nice110","7":"product_cat-admission-klx110","8":"product_cat-admission-z50","9":"product_cat-admission-moteur-atc70","10":"product_cat-admission-dirtchine","11":"product_cat-admission-crf110","12":"product_cat-admission-crf50","13":"product_cat-admission-moteur-chaly-cf","14":"product_cat-admission-dax","15":"product_cat-admission-monkey125","16":"product_cat-admission-msx","17":"product_cat-admission-pbr","18":"product_cat-admission-125adp","19":"product_cat-admission-125sdp","20":"product_cat-admission-140yx","21":"product_cat-admission-150yx","22":"product_cat-admission-50cc-70cc","23":"product_cat-admission-88cc","24":"product_cat-admission-50-70-12v","25":"product_cat-admission-50-70-6v-nt","26":"product_cat-admission-50-70-6v-ot","27":"product_cat-admission-moteur-crf70","28":"product_tag-carburateur","29":"product_tag-nibbi","30":"product_tag-pe30","32":"first","33":"instock","34":"shipping-taxable","35":"purchasable","36":"product-type-simple"},"yoast_head":"<!-- This site is optimized with the Yoast SEO plugin v26.0 - https:\/\/yoast.com\/wordpress\/plugins\/seo\/ -->\n<title>Carburateur Nibbi PE30 Racing - BONAPARTS<\/title>\n<meta name=\"description\" content=\"Carburateur Nibbi PE30 Racing. Exploitez le meilleur de votre moteur avec la gamme performance de la marque Nibbi.\" \/>\n<meta name=\"robots\" content=\"index, follow, max-snippet:-1, max-image-preview:large, max-video-preview:-1\" \/>\n<link rel=\"canonical\" href=\"https:\/\/test.bonaparts.fr\/produit\/carburateur-nibbi-pe30\/\" \/>\n<meta property=\"og:locale\" content=\"fr_FR\" \/>\n<meta property=\"og:type\" content=\"article\" \/>\n<meta property=\"og:title\" content=\"Carburateur Nibbi PE30 Racing - BONAPARTS\" \/>\n<meta property=\"og:description\" content=\"Carburateur Nibbi PE30 Racing. Exploitez le meilleur de votre moteur avec la gamme performance de la marque Nibbi.\" \/>\n<meta property=\"og:url\" content=\"https:\/\/test.bonaparts.fr\/produit\/carburateur-nibbi-pe30\/\" \/>\n<meta property=\"og:site_name\" content=\"BONAPARTS\" \/>\n<meta property=\"article:publisher\" content=\"https:\/\/www.facebook.com\/Bonaparts\/\" \/>\n<meta property=\"article:modified_time\" content=\"2022-09-12T13:12:04+00:00\" \/>\n<meta property=\"og:image\" content=\"https:\/\/i0.wp.com\/bonaparts.fr\/wp-content\/uploads\/2022\/09\/2c3fc1bf-eb7f-447d-8e14-6359d0a2fcda.jpeg?fit=1600%2C1600&ssl=1\" \/>\n\t<meta property=\"og:image:width\" content=\"1600\" \/>\n\t<meta property=\"og:image:height\" content=\"1600\" \/>\n\t<meta property=\"og:image:type\" content=\"image\/jpeg\" \/>\n<meta name=\"twitter:card\" content=\"summary_large_image\" \/>\n<meta name=\"twitter:label1\" content=\"Dur\u00e9e de lecture estim\u00e9e\" \/>\n\t<meta name=\"twitter:data1\" content=\"1 minute\" \/>\n<script type=\"application\/ld+json\" class=\"yoast-schema-graph\">{\"@context\":\"https:\/\/schema.org\",\"@graph\":[{\"@type\":\"WebPage\",\"@id\":\"https:\/\/test.bonaparts.fr\/produit\/carburateur-nibbi-pe30\/\",\"url\":\"https:\/\/test.bonaparts.fr\/produit\/carburateur-nibbi-pe30\/\",\"name\":\"Carburateur Nibbi PE30 Racing - BONAPARTS\",\"isPartOf\":{\"@id\":\"https:\/\/test.bonaparts.fr\/#website\"},\"primaryImageOfPage\":{\"@id\":\"https:\/\/test.bonaparts.fr\/produit\/carburateur-nibbi-pe30\/#primaryimage\"},\"image\":{\"@id\":\"https:\/\/test.bonaparts.fr\/produit\/carburateur-nibbi-pe30\/#primaryimage\"},\"thumbnailUrl\":\"https:\/\/test.bonaparts.fr\/wp-content\/uploads\/2022\/09\/2c3fc1bf-eb7f-447d-8e14-6359d0a2fcda.jpeg\",\"datePublished\":\"2022-09-12T13:10:35+00:00\",\"dateModified\":\"2022-09-12T13:12:04+00:00\",\"description\":\"Carburateur Nibbi PE30 Racing. Exploitez le meilleur de votre moteur avec la gamme performance de la marque Nibbi.\",\"breadcrumb\":{\"@id\":\"https:\/\/test.bonaparts.fr\/produit\/carburateur-nibbi-pe30\/#breadcrumb\"},\"inLanguage\":\"fr-FR\",\"potentialAction\":[{\"@type\":\"ReadAction\",\"target\":[\"https:\/\/test.bonaparts.fr\/produit\/carburateur-nibbi-pe30\/\"]}]},{\"@type\":\"ImageObject\",\"inLanguage\":\"fr-FR\",\"@id\":\"https:\/\/test.bonaparts.fr\/produit\/carburateur-nibbi-pe30\/#primaryimage\",\"url\":\"https:\/\/test.bonaparts.fr\/wp-content\/uploads\/2022\/09\/2c3fc1bf-eb7f-447d-8e14-6359d0a2fcda.jpeg\",\"contentUrl\":\"https:\/\/test.bonaparts.fr\/wp-content\/uploads\/2022\/09\/2c3fc1bf-eb7f-447d-8e14-6359d0a2fcda.jpeg\",\"width\":1600,\"height\":1600},{\"@type\":\"BreadcrumbList\",\"@id\":\"https:\/\/test.bonaparts.fr\/produit\/carburateur-nibbi-pe30\/#breadcrumb\",\"itemListElement\":[{\"@type\":\"ListItem\",\"position\":1,\"name\":\"Accueil\",\"item\":\"https:\/\/test.bonaparts.fr\/\"},{\"@type\":\"ListItem\",\"position\":2,\"name\":\"Accueil\",\"item\":\"https:\/\/test.bonaparts.fr\/?page_id=823\"},{\"@type\":\"ListItem\",\"position\":3,\"name\":\"Carburateur Nibbi PE30 Racing\"}]},{\"@type\":\"WebSite\",\"@id\":\"https:\/\/test.bonaparts.fr\/#website\",\"url\":\"https:\/\/test.bonaparts.fr\/\",\"name\":\"BONAPARTS\",\"description\":\"Pi\u00e8ces d\u00e9tach\u00e9es neuves et d&#039;occasion moto et scooter, sp\u00e9cialiste mono-cylindre 4 temps.\",\"publisher\":{\"@id\":\"https:\/\/test.bonaparts.fr\/#organization\"},\"potentialAction\":[{\"@type\":\"SearchAction\",\"target\":{\"@type\":\"EntryPoint\",\"urlTemplate\":\"https:\/\/test.bonaparts.fr\/?s={search_term_string}\"},\"query-input\":{\"@type\":\"PropertyValueSpecification\",\"valueRequired\":true,\"valueName\":\"search_term_string\"}}],\"inLanguage\":\"fr-FR\"},{\"@type\":\"Organization\",\"@id\":\"https:\/\/test.bonaparts.fr\/#organization\",\"name\":\"BONAPARTS\",\"url\":\"https:\/\/test.bonaparts.fr\/\",\"logo\":{\"@type\":\"ImageObject\",\"inLanguage\":\"fr-FR\",\"@id\":\"https:\/\/test.bonaparts.fr\/#\/schema\/logo\/image\/\",\"url\":\"https:\/\/test.bonaparts.fr\/wp-content\/uploads\/2022\/02\/bonawrench-gris-FINAL.png\",\"contentUrl\":\"https:\/\/test.bonaparts.fr\/wp-content\/uploads\/2022\/02\/bonawrench-gris-FINAL.png\",\"width\":1198,\"height\":1080,\"caption\":\"BONAPARTS\"},\"image\":{\"@id\":\"https:\/\/test.bonaparts.fr\/#\/schema\/logo\/image\/\"},\"sameAs\":[\"https:\/\/www.facebook.com\/Bonaparts\/\",\"https:\/\/www.instagram.com\/bona.parts\/?hl=fr\",\"https:\/\/www.youtube.com\/channel\/UCkO8GGQvOEb61jAxA_G9zXQ\"]}]}<\/script>\n<!-- \/ Yoast SEO plugin. -->","yoast_head_json":{"title":"Carburateur Nibbi PE30 Racing - BONAPARTS","description":"Carburateur Nibbi PE30 Racing. Exploitez le meilleur de votre moteur avec la gamme performance de la marque Nibbi.","robots":{"index":"index","follow":"follow","max-snippet":"max-snippet:-1","max-image-preview":"max-image-preview:large","max-video-preview":"max-video-preview:-1"},"canonical":"https:\/\/test.bonaparts.fr\/produit\/carburateur-nibbi-pe30\/","og_locale":"fr_FR","og_type":"article","og_title":"Carburateur Nibbi PE30 Racing - BONAPARTS","og_description":"Carburateur Nibbi PE30 Racing. Exploitez le meilleur de votre moteur avec la gamme performance de la marque Nibbi.","og_url":"https:\/\/test.bonaparts.fr\/produit\/carburateur-nibbi-pe30\/","og_site_name":"BONAPARTS","article_publisher":"https:\/\/www.facebook.com\/Bonaparts\/","article_modified_time":"2022-09-12T13:12:04+00:00","og_image":[{"width":1600,"height":1600,"url":"https:\/\/i0.wp.com\/bonaparts.fr\/wp-content\/uploads\/2022\/09\/2c3fc1bf-eb7f-447d-8e14-6359d0a2fcda.jpeg?fit=1600%2C1600&ssl=1","type":"image\/jpeg"}],"twitter_card":"summary_large_image","twitter_misc":{"Dur\u00e9e de lecture estim\u00e9e":"1 minute"},"schema":{"@context":"https:\/\/schema.org","@graph":[{"@type":"WebPage","@id":"https:\/\/test.bonaparts.fr\/produit\/carburateur-nibbi-pe30\/","url":"https:\/\/test.bonaparts.fr\/produit\/carburateur-nibbi-pe30\/","name":"Carburateur Nibbi PE30 Racing - BONAPARTS","isPartOf":{"@id":"https:\/\/test.bonaparts.fr\/#website"},"primaryImageOfPage":{"@id":"https:\/\/test.bonaparts.fr\/produit\/carburateur-nibbi-pe30\/#primaryimage"},"image":{"@id":"https:\/\/test.bonaparts.fr\/produit\/carburateur-nibbi-pe30\/#primaryimage"},"thumbnailUrl":"https:\/\/test.bonaparts.fr\/wp-content\/uploads\/2022\/09\/2c3fc1bf-eb7f-447d-8e14-6359d0a2fcda.jpeg","datePublished":"2022-09-12T13:10:35+00:00","dateModified":"2022-09-12T13:12:04+00:00","description":"Carburateur Nibbi PE30 Racing. Exploitez le meilleur de votre moteur avec la gamme performance de la marque Nibbi.","breadcrumb":{"@id":"https:\/\/test.bonaparts.fr\/produit\/carburateur-nibbi-pe30\/#breadcrumb"},"inLanguage":"fr-FR","potentialAction":[{"@type":"ReadAction","target":["https:\/\/test.bonaparts.fr\/produit\/carburateur-nibbi-pe30\/"]}]},{"@type":"ImageObject","inLanguage":"fr-FR","@id":"https:\/\/test.bonaparts.fr\/produit\/carburateur-nibbi-pe30\/#primaryimage","url":"https:\/\/test.bonaparts.fr\/wp-content\/uploads\/2022\/09\/2c3fc1bf-eb7f-447d-8e14-6359d0a2fcda.jpeg","contentUrl":"https:\/\/test.bonaparts.fr\/wp-content\/uploads\/2022\/09\/2c3fc1bf-eb7f-447d-8e14-6359d0a2fcda.jpeg","width":1600,"height":1600},{"@type":"BreadcrumbList","@id":"https:\/\/test.bonaparts.fr\/produit\/carburateur-nibbi-pe30\/#breadcrumb","itemListElement":[{"@type":"ListItem","position":1,"name":"Accueil","item":"https:\/\/test.bonaparts.fr\/"},{"@type":"ListItem","position":2,"name":"Accueil","item":"https:\/\/test.bonaparts.fr\/?page_id=823"},{"@type":"ListItem","position":3,"name":"Carburateur Nibbi PE30 Racing"}]},{"@type":"WebSite","@id":"https:\/\/test.bonaparts.fr\/#website","url":"https:\/\/test.bonaparts.fr\/","name":"BONAPARTS","description":"Pi\u00e8ces d\u00e9tach\u00e9es neuves et d&#039;occasion moto et scooter, sp\u00e9cialiste mono-cylindre 4 temps.","publisher":{"@id":"https:\/\/test.bonaparts.fr\/#organization"},"potentialAction":[{"@type":"SearchAction","target":{"@type":"EntryPoint","urlTemplate":"https:\/\/test.bonaparts.fr\/?s={search_term_string}"},"query-input":{"@type":"PropertyValueSpecification","valueRequired":true,"valueName":"search_term_string"}}],"inLanguage":"fr-FR"},{"@type":"Organization","@id":"https:\/\/test.bonaparts.fr\/#organization","name":"BONAPARTS","url":"https:\/\/test.bonaparts.fr\/","logo":{"@type":"ImageObject","inLanguage":"fr-FR","@id":"https:\/\/test.bonaparts.fr\/#\/schema\/logo\/image\/","url":"https:\/\/test.bonaparts.fr\/wp-content\/uploads\/2022\/02\/bonawrench-gris-FINAL.png","contentUrl":"https:\/\/test.bonaparts.fr\/wp-content\/uploads\/2022\/02\/bonawrench-gris-FINAL.png","width":1198,"height":1080,"caption":"BONAPARTS"},"image":{"@id":"https:\/\/test.bonaparts.fr\/#\/schema\/logo\/image\/"},"sameAs":["https:\/\/www.facebook.com\/Bonaparts\/","https:\/\/www.instagram.com\/bona.parts\/?hl=fr","https:\/\/www.youtube.com\/channel\/UCkO8GGQvOEb61jAxA_G9zXQ"]}]}},"pbg_featured_image_src":{"full":["https:\/\/test.bonaparts.fr\/wp-content\/uploads\/2022\/09\/2c3fc1bf-eb7f-447d-8e14-6359d0a2fcda.jpeg",1600,1600,false],"thumbnail":["https:\/\/test.bonaparts.fr\/wp-content\/uploads\/2022\/09\/2c3fc1bf-eb7f-447d-8e14-6359d0a2fcda-150x150.jpeg",150,150,true],"medium":["https:\/\/test.bonaparts.fr\/wp-content\/uploads\/2022\/09\/2c3fc1bf-eb7f-447d-8e14-6359d0a2fcda-300x300.jpeg",300,300,true],"medium_large":["https:\/\/test.bonaparts.fr\/wp-content\/uploads\/2022\/09\/2c3fc1bf-eb7f-447d-8e14-6359d0a2fcda-768x768.jpeg",768,768,true],"large":["https:\/\/test.bonaparts.fr\/wp-content\/uploads\/2022\/09\/2c3fc1bf-eb7f-447d-8e14-6359d0a2fcda-1024x1024.jpeg",980,980,true],"1536x1536":["https:\/\/test.bonaparts.fr\/wp-content\/uploads\/2022\/09\/2c3fc1bf-eb7f-447d-8e14-6359d0a2fcda-1536x1536.jpeg",1536,1536,true],"2048x2048":["https:\/\/test.bonaparts.fr\/wp-content\/uploads\/2022\/09\/2c3fc1bf-eb7f-447d-8e14-6359d0a2fcda.jpeg",1600,1600,false],"wptouch-new-thumbnail":["https:\/\/test.bonaparts.fr\/wp-content\/uploads\/2022\/09\/2c3fc1bf-eb7f-447d-8e14-6359d0a2fcda-144x144.jpeg",144,144,true],"woocommerce_thumbnail":["https:\/\/test.bonaparts.fr\/wp-content\/uploads\/2022\/09\/2c3fc1bf-eb7f-447d-8e14-6359d0a2fcda-324x324.jpeg",324,324,true],"woocommerce_single":["https:\/\/test.bonaparts.fr\/wp-content\/uploads\/2022\/09\/2c3fc1bf-eb7f-447d-8e14-6359d0a2fcda-416x416.jpeg",416,416,true],"woocommerce_gallery_thumbnail":["https:\/\/test.bonaparts.fr\/wp-content\/uploads\/2022\/09\/2c3fc1bf-eb7f-447d-8e14-6359d0a2fcda-100x100.jpeg",100,100,true],"wcpr-photo-reviews":["https:\/\/test.bonaparts.fr\/wp-content\/uploads\/2022\/09\/2c3fc1bf-eb7f-447d-8e14-6359d0a2fcda-500x500.jpeg",500,500,true]},"pbg_author_info":{"display_name":"BONAPARTS","author_link":"https:\/\/test.bonaparts.fr\/?author=0","author_img":"<img alt='BONAPARTS' src='https:\/\/secure.gravatar.com\/avatar\/ee8ffa5ba89d5ffd342c9b67f99c1f2f5462d5ca62704a21f66b42e75e1d19ff?s=128&#038;d=identicon&#038;r=g' srcset='https:\/\/secure.gravatar.com\/avatar\/ee8ffa5ba89d5ffd342c9b67f99c1f2f5462d5ca62704a21f66b42e75e1d19ff?s=256&#038;d=identicon&#038;r=g 2x' class='avatar avatar-128 photo' height='128' width='128' decoding='async'\/>"},"pbg_comment_info":" No Comments","pbg_excerpt":"Carburateur Nibbi PE28 Racing. Exploitez le meilleur de votre moteur avec la gamme performance de la marque Nibbi. Id\u00e9al pour les moteurs de 190cc \u00e0 212cc, ce mod\u00e8le &#8220;racing&#8221; propose un tr\u00e8s bon niveau de finition, le corps du carburateur est\u00a0 peint en noir mat avec chapeau et vis de r\u00e9glage du ralentit en aluminium\u2026","jetpack_likes_enabled":false,"jetpack_sharing_enabled":true,"_links":{"self":[{"href":"https:\/\/test.bonaparts.fr\/index.php?rest_route=\/wp\/v2\/product\/10429","targetHints":{"allow":["GET"]}}],"collection":[{"href":"https:\/\/test.bonaparts.fr\/index.php?rest_route=\/wp\/v2\/product"}],"about":[{"href":"https:\/\/test.bonaparts.fr\/index.php?rest_route=\/wp\/v2\/types\/product"}],"wp:featuredmedia":[{"embeddable":true,"href":"https:\/\/test.bonaparts.fr\/index.php?rest_route=\/wp\/v2\/media\/10424"}],"wp:attachment":[{"href":"https:\/\/test.bonaparts.fr\/index.php?rest_route=%2Fwp%2Fv2%2Fmedia&parent=10429"}],"wp:term":[{"taxonomy":"product_brand","embeddable":true,"href":"https:\/\/test.bonaparts.fr\/index.php?rest_route=%2Fwp%2Fv2%2Fproduct_brand&post=10429"},{"taxonomy":"product_cat","embeddable":true,"href":"https:\/\/test.bonaparts.fr\/index.php?rest_route=%2Fwp%2Fv2%2Fproduct_cat&post=10429"},{"taxonomy":"product_tag","embeddable":true,"href":"https:\/\/test.bonaparts.fr\/index.php?rest_route=%2Fwp%2Fv2%2Fproduct_tag&post=10429"},{"taxonomy":"pa_autre-numero-de-piece","embeddable":true,"href":"https:\/\/test.bonaparts.fr\/index.php?rest_route=%2Fwp%2Fv2%2Fpa_autre-numero-de-piece&post=10429"},{"taxonomy":"pa_type","embeddable":true,"href":"https:\/\/test.bonaparts.fr\/index.php?rest_route=%2Fwp%2Fv2%2Fpa_type&post=10429"}],"curies":[{"name":"wp","href":"https:\/\/api.w.org\/{rel}","templated":true}]}}