{"id":21750,"date":"2025-03-15T15:35:52","date_gmt":"2025-03-15T14:35:52","guid":{"rendered":"https:\/\/test.bonaparts.fr\/produit\/cloche-dembrayage-piaggio-beverly-125-clutch-basket\/"},"modified":"2025-08-12T05:01:57","modified_gmt":"2025-08-12T03:01:57","slug":"cloche-dembrayage-piaggio-beverly-125-clutch-basket","status":"publish","type":"product","link":"https:\/\/test.bonaparts.fr\/?product=cloche-dembrayage-piaggio-beverly-125-clutch-basket","title":{"rendered":"Cloche d&#039;embrayage Piaggio Beverly 125 clutch basket"},"content":{"rendered":"<div><b style=\"font-family: Georgia;\"><i><font size=\"6\">BONAPARTS<\/font><\/p>\n<p><font size=\"5\">Cloche d&#8217;embrayage Piaggio Beverly 125 clutch basket<\/p>\n<p><\/font><\/i><\/b><u style=\"box-sizing: border-box; font-weight: bold;\"><font size=\"4\" face=\"Georgia\">\u00c9tat:<\/font><\/u><b style=\"font-family: Georgia;\"><i><font size=\"4\"><br \/><\/font><br \/>Quelques l\u00e9g\u00e8re traces d&#8217;oxydation, rien de grave.<\/p>\n<p><\/i><\/b><u style=\"box-sizing: border-box; font-weight: bold;\"><font size=\"4\" face=\"Georgia\">Adaptable sur :<\/font><\/u><\/div>\n<div><\/div>\n<div><font face=\"Georgia\"><b><br \/><font size=\"5\">Pi\u00e8ces Aprilia&nbsp;&nbsp;&nbsp;&nbsp; Ann\u00e9e<\/p>\n<p><\/font><font size=\"4\">Aprilia Atlantic 125&nbsp;&nbsp;&nbsp;&nbsp; 2003-2009<br \/>Aprilia Atlantic 125 I.E&nbsp;&nbsp;&nbsp;&nbsp; 2010-2011<br \/>Aprilia Mojito 125&nbsp;&nbsp;&nbsp;&nbsp; 1999-2004<br \/>Aprilia Mojito 125 Custom&nbsp;&nbsp;&nbsp;&nbsp; 2002-2012<br \/>Aprilia Scarabeo 125&nbsp;&nbsp;&nbsp;&nbsp; 1999-2004<br \/>Aprilia Scarabeo 125 GT&nbsp;&nbsp;&nbsp;&nbsp; 2000-2004<br \/>Aprilia Scarabeo 125 I.E&nbsp;&nbsp;&nbsp;&nbsp; 2005-2019<br \/>Aprilia Sport City 125&nbsp;&nbsp;&nbsp;&nbsp; 2004-2008<br \/>Aprilia Sport City 125 Cube&nbsp;&nbsp;&nbsp;&nbsp; 2008-2012<br \/>Aprilia Sport City 125 One&nbsp;&nbsp;&nbsp;&nbsp; 2009-2012<br \/>Aprilia Atlantic 200&nbsp;&nbsp;&nbsp;&nbsp; 2002-2005<br \/>Aprilia Scarabeo 200&nbsp;&nbsp;&nbsp;&nbsp; 2003-2005<br \/>Aprilia Scarabeo 200 Light&nbsp;&nbsp;&nbsp;&nbsp; 2006-2019<br \/>Aprilia Sport city 200&nbsp;&nbsp;&nbsp;&nbsp; 2006-2008<br \/>Aprilia Atlantic 250&nbsp;&nbsp;&nbsp;&nbsp; 2004-2006<br \/>Aprilia Atlantic 250 I.E&nbsp;&nbsp;&nbsp;&nbsp; 2006-2009<br \/>Aprilia Scarabeo 250&nbsp;&nbsp;&nbsp;&nbsp; 2003-2005<br \/>Aprilia Scarabeo 250 I.E&nbsp;&nbsp;&nbsp;&nbsp; 2006-2010<br \/>Aprilia Sport city 250 I.E&nbsp;&nbsp;&nbsp;&nbsp; 2006-2008<br \/>Aprilia Atlantic 300&nbsp;&nbsp;&nbsp;&nbsp; 2011-2013<br \/>Aprilia SR MAX 300 Max&nbsp;&nbsp;&nbsp;&nbsp; 2012-2019<br \/>Aprilia Scarabeo 300 S&nbsp;&nbsp;&nbsp;&nbsp; 2010-2013<br \/>Aprilia Sport city 300 Cube&nbsp;&nbsp;&nbsp;&nbsp; 2008-2012<br \/>Pi\u00e8ces Benelli&nbsp;&nbsp;&nbsp;&nbsp; Ann\u00e9e<br \/>Benelli Adiva 125&nbsp;&nbsp;&nbsp;&nbsp; 2001-2006<br \/>Benelli Adiva 150&nbsp;&nbsp;&nbsp;&nbsp; 2002-2006<br \/>Benelli Adiva 250&nbsp;&nbsp;&nbsp;&nbsp; 2006-2010<br \/><\/font><font size=\"5\"><br \/>Pi\u00e8ces Derbi&nbsp;&nbsp;&nbsp;&nbsp; Ann\u00e9e<\/p>\n<p><\/font><font size=\"4\">Derbi Boulevard 125&nbsp;&nbsp;&nbsp;&nbsp; 2002-2013<br \/>Derbi GP1 125&nbsp;&nbsp;&nbsp;&nbsp; 2006-2009<br \/>Derbi Rambla 125&nbsp;&nbsp;&nbsp;&nbsp; 2008-2019<br \/>Derbi Boulevard 150&nbsp;&nbsp;&nbsp;&nbsp; 2006-2009<br \/>Derbi Boulevard 200&nbsp;&nbsp;&nbsp;&nbsp; 2005-2010<br \/>Derbi GP1 250&nbsp;&nbsp;&nbsp;&nbsp; 2007-2010<br \/>Derbi Rambla 250 I&nbsp;&nbsp;&nbsp;&nbsp; 2008-2010<br \/>Derbi Rambla 300 I&nbsp;&nbsp;&nbsp;&nbsp; 2010-2014<br \/><\/font><font size=\"5\"><br \/>Pi\u00e8ces Gilera&nbsp;&nbsp;&nbsp;&nbsp; Ann\u00e9e<\/p>\n<p><\/font><\/b><\/font><\/div>\n<div><font face=\"Georgia\"><b><font size=\"4\">Gilera DNA 125&nbsp;&nbsp;&nbsp;&nbsp; 2001-2005<br \/>Gilera Nexus 125&nbsp;&nbsp;&nbsp;&nbsp; 2007-2008<br \/>Gilera Nexus 125 IE&nbsp;&nbsp;&nbsp;&nbsp; 2009-2014<br \/>Gilera Runner 125 VX 4 Temps&nbsp;&nbsp;&nbsp;&nbsp; 2003-2007<br \/>Gilera DNA 180&nbsp;&nbsp;&nbsp;&nbsp; 2001-2003<br \/>Gilera Runner 180 VXR&nbsp;&nbsp;&nbsp;&nbsp; 2001-2003<br \/>Gilera Runner 200 VXR 4 Temps&nbsp;&nbsp;&nbsp;&nbsp; 2001-2006<br \/>Gilera Nexus 250 IE&nbsp;&nbsp;&nbsp;&nbsp; 2006-2008<br \/>Gilera Nexus 250 SP IE&nbsp;&nbsp;&nbsp;&nbsp; 2006-2007<br \/>Gilera Nexus 300&nbsp;&nbsp;&nbsp;&nbsp; 2008-2014<\/font><font size=\"5\"><\/p>\n<p>Pi\u00e8ces Italjet&nbsp;&nbsp;&nbsp;&nbsp; Ann\u00e9e<\/p>\n<p><\/font><font size=\"4\">Italjet Jet Set 125&nbsp;&nbsp;&nbsp;&nbsp; 2002-2003<br \/>Italjet Torpedo 125&nbsp;&nbsp;&nbsp;&nbsp; 1999-2003<br \/>Italjet Jet Set 150&nbsp;&nbsp;&nbsp;&nbsp; 2003<\/font><font size=\"5\"><\/p>\n<p>Pi\u00e8ces Malaguti&nbsp;&nbsp;&nbsp;&nbsp; Ann\u00e9e<\/p>\n<p><\/font><font size=\"5\"><font size=\"4\">Malaguti Madison 3 125&nbsp;&nbsp;&nbsp;&nbsp; 2007-2012<br \/>Malaguti Madison 180 R&nbsp;&nbsp;&nbsp;&nbsp; 1999-2004<br \/>Malaguti Madison 200&nbsp;&nbsp;&nbsp;&nbsp; 2003-2004<\/font><br \/><\/font><\/b><\/font><\/div>\n<div><font face=\"Georgia\"><b><font size=\"5\"><br \/><\/font><\/b><\/font><\/div>\n<div><span style=\"font-family: Arial; font-size: 18.6667px; box-sizing: border-box;\"><font size=\"2\" style=\"box-sizing: border-box;\"><b><i>Avant de finaliser votre commande, nous vous recommandons de nous contacter pour confirmer la disponibilit\u00e9 de l&#8217;article.<br \/>Nous sommes facilement joignables pour r\u00e9pondre rapidement \u00e0 vos questions et vous accompagner dans votre achat.<\/i><\/b><\/font><\/span><\/div>\n","protected":false},"excerpt":{"rendered":"<p>BONAPARTS Cloche d&#8217;embrayage Piaggio Beverly 125 clutch basket \u00c9tat:Quelques l\u00e9g\u00e8re traces d&#8217;oxydation, rien de grave. Adaptable sur : Pi\u00e8ces Aprilia&nbsp;&nbsp;&nbsp;&nbsp; Ann\u00e9e Aprilia Atlantic 125&nbsp;&nbsp;&nbsp;&nbsp; 2003-2009Aprilia Atlantic 125 I.E&nbsp;&nbsp;&nbsp;&nbsp; 2010-2011Aprilia Mojito 125&nbsp;&nbsp;&nbsp;&nbsp; 1999-2004Aprilia Mojito 125 Custom&nbsp;&nbsp;&nbsp;&nbsp; 2002-2012Aprilia Scarabeo 125&nbsp;&nbsp;&nbsp;&nbsp; 1999-2004Aprilia Scarabeo 125 GT&nbsp;&nbsp;&nbsp;&nbsp; 2000-2004Aprilia Scarabeo 125 I.E&nbsp;&nbsp;&nbsp;&nbsp; 2005-2019Aprilia Sport City 125&nbsp;&nbsp;&nbsp;&nbsp; 2004-2008Aprilia Sport City 125 Cube&nbsp;&nbsp;&nbsp;&nbsp; [&hellip;]<\/p>\n","protected":false},"featured_media":21751,"template":"","meta":[],"product_brand":[],"product_cat":[9261],"product_tag":[],"pa_autre-numero-de-piece":[],"pa_type":[],"class_list":{"0":"post-21750","1":"product","2":"type-product","3":"status-publish","4":"has-post-thumbnail","6":"product_cat-piaggio-beverly-125","8":"first","9":"instock","10":"shipping-taxable","11":"purchasable","12":"product-type-simple"},"yoast_head":"<!-- This site is optimized with the Yoast SEO plugin v26.0 - https:\/\/yoast.com\/wordpress\/plugins\/seo\/ -->\n<title>Cloche d&#039;embrayage Piaggio Beverly 125 clutch basket - BONAPARTS<\/title>\n<meta name=\"robots\" content=\"index, follow, max-snippet:-1, max-image-preview:large, max-video-preview:-1\" \/>\n<link rel=\"canonical\" href=\"https:\/\/test.bonaparts.fr\/produit\/cloche-dembrayage-piaggio-beverly-125-clutch-basket\/\" \/>\n<meta property=\"og:locale\" content=\"fr_FR\" \/>\n<meta property=\"og:type\" content=\"article\" \/>\n<meta property=\"og:title\" content=\"Cloche d&#039;embrayage Piaggio Beverly 125 clutch basket - BONAPARTS\" \/>\n<meta property=\"og:description\" content=\"BONAPARTS Cloche d&#8217;embrayage Piaggio Beverly 125 clutch basket \u00c9tat:Quelques l\u00e9g\u00e8re traces d&#8217;oxydation, rien de grave. Adaptable sur : Pi\u00e8ces Aprilia&nbsp;&nbsp;&nbsp;&nbsp; Ann\u00e9e Aprilia Atlantic 125&nbsp;&nbsp;&nbsp;&nbsp; 2003-2009Aprilia Atlantic 125 I.E&nbsp;&nbsp;&nbsp;&nbsp; 2010-2011Aprilia Mojito 125&nbsp;&nbsp;&nbsp;&nbsp; 1999-2004Aprilia Mojito 125 Custom&nbsp;&nbsp;&nbsp;&nbsp; 2002-2012Aprilia Scarabeo 125&nbsp;&nbsp;&nbsp;&nbsp; 1999-2004Aprilia Scarabeo 125 GT&nbsp;&nbsp;&nbsp;&nbsp; 2000-2004Aprilia Scarabeo 125 I.E&nbsp;&nbsp;&nbsp;&nbsp; 2005-2019Aprilia Sport City 125&nbsp;&nbsp;&nbsp;&nbsp; 2004-2008Aprilia Sport City 125 Cube&nbsp;&nbsp;&nbsp;&nbsp; [&hellip;]\" \/>\n<meta property=\"og:url\" content=\"https:\/\/test.bonaparts.fr\/produit\/cloche-dembrayage-piaggio-beverly-125-clutch-basket\/\" \/>\n<meta property=\"og:site_name\" content=\"BONAPARTS\" \/>\n<meta property=\"article:publisher\" content=\"https:\/\/www.facebook.com\/Bonaparts\/\" \/>\n<meta property=\"article:modified_time\" content=\"2025-08-12T03:01:57+00:00\" \/>\n<meta property=\"og:image\" content=\"https:\/\/i0.wp.com\/bonaparts.fr\/wp-content\/uploads\/imported\/8\/Cloche-dembrayage-Piaggio-Beverly-125-clutch-basket-396322489568.jpg?fit=1600%2C1066&ssl=1\" \/>\n\t<meta property=\"og:image:width\" content=\"1600\" \/>\n\t<meta property=\"og:image:height\" content=\"1066\" \/>\n\t<meta property=\"og:image:type\" content=\"image\/jpeg\" \/>\n<meta name=\"twitter:card\" content=\"summary_large_image\" \/>\n<meta name=\"twitter:label1\" content=\"Dur\u00e9e de lecture estim\u00e9e\" \/>\n\t<meta name=\"twitter:data1\" content=\"2 minutes\" \/>\n<script type=\"application\/ld+json\" class=\"yoast-schema-graph\">{\"@context\":\"https:\/\/schema.org\",\"@graph\":[{\"@type\":\"WebPage\",\"@id\":\"https:\/\/test.bonaparts.fr\/produit\/cloche-dembrayage-piaggio-beverly-125-clutch-basket\/\",\"url\":\"https:\/\/test.bonaparts.fr\/produit\/cloche-dembrayage-piaggio-beverly-125-clutch-basket\/\",\"name\":\"Cloche d&#039;embrayage Piaggio Beverly 125 clutch basket - BONAPARTS\",\"isPartOf\":{\"@id\":\"https:\/\/test.bonaparts.fr\/#website\"},\"primaryImageOfPage\":{\"@id\":\"https:\/\/test.bonaparts.fr\/produit\/cloche-dembrayage-piaggio-beverly-125-clutch-basket\/#primaryimage\"},\"image\":{\"@id\":\"https:\/\/test.bonaparts.fr\/produit\/cloche-dembrayage-piaggio-beverly-125-clutch-basket\/#primaryimage\"},\"thumbnailUrl\":\"https:\/\/test.bonaparts.fr\/wp-content\/uploads\/imported\/8\/Cloche-dembrayage-Piaggio-Beverly-125-clutch-basket-396322489568.jpg\",\"datePublished\":\"2025-03-15T14:35:52+00:00\",\"dateModified\":\"2025-08-12T03:01:57+00:00\",\"breadcrumb\":{\"@id\":\"https:\/\/test.bonaparts.fr\/produit\/cloche-dembrayage-piaggio-beverly-125-clutch-basket\/#breadcrumb\"},\"inLanguage\":\"fr-FR\",\"potentialAction\":[{\"@type\":\"ReadAction\",\"target\":[\"https:\/\/test.bonaparts.fr\/produit\/cloche-dembrayage-piaggio-beverly-125-clutch-basket\/\"]}]},{\"@type\":\"ImageObject\",\"inLanguage\":\"fr-FR\",\"@id\":\"https:\/\/test.bonaparts.fr\/produit\/cloche-dembrayage-piaggio-beverly-125-clutch-basket\/#primaryimage\",\"url\":\"https:\/\/test.bonaparts.fr\/wp-content\/uploads\/imported\/8\/Cloche-dembrayage-Piaggio-Beverly-125-clutch-basket-396322489568.jpg\",\"contentUrl\":\"https:\/\/test.bonaparts.fr\/wp-content\/uploads\/imported\/8\/Cloche-dembrayage-Piaggio-Beverly-125-clutch-basket-396322489568.jpg\",\"width\":1600,\"height\":1066},{\"@type\":\"BreadcrumbList\",\"@id\":\"https:\/\/test.bonaparts.fr\/produit\/cloche-dembrayage-piaggio-beverly-125-clutch-basket\/#breadcrumb\",\"itemListElement\":[{\"@type\":\"ListItem\",\"position\":1,\"name\":\"Accueil\",\"item\":\"https:\/\/test.bonaparts.fr\/\"},{\"@type\":\"ListItem\",\"position\":2,\"name\":\"Accueil\",\"item\":\"https:\/\/test.bonaparts.fr\/?page_id=823\"},{\"@type\":\"ListItem\",\"position\":3,\"name\":\"Cloche d&#039;embrayage Piaggio Beverly 125 clutch basket\"}]},{\"@type\":\"WebSite\",\"@id\":\"https:\/\/test.bonaparts.fr\/#website\",\"url\":\"https:\/\/test.bonaparts.fr\/\",\"name\":\"BONAPARTS\",\"description\":\"Pi\u00e8ces d\u00e9tach\u00e9es neuves et d&#039;occasion moto et scooter, sp\u00e9cialiste mono-cylindre 4 temps.\",\"publisher\":{\"@id\":\"https:\/\/test.bonaparts.fr\/#organization\"},\"potentialAction\":[{\"@type\":\"SearchAction\",\"target\":{\"@type\":\"EntryPoint\",\"urlTemplate\":\"https:\/\/test.bonaparts.fr\/?s={search_term_string}\"},\"query-input\":{\"@type\":\"PropertyValueSpecification\",\"valueRequired\":true,\"valueName\":\"search_term_string\"}}],\"inLanguage\":\"fr-FR\"},{\"@type\":\"Organization\",\"@id\":\"https:\/\/test.bonaparts.fr\/#organization\",\"name\":\"BONAPARTS\",\"url\":\"https:\/\/test.bonaparts.fr\/\",\"logo\":{\"@type\":\"ImageObject\",\"inLanguage\":\"fr-FR\",\"@id\":\"https:\/\/test.bonaparts.fr\/#\/schema\/logo\/image\/\",\"url\":\"https:\/\/test.bonaparts.fr\/wp-content\/uploads\/2022\/02\/bonawrench-gris-FINAL.png\",\"contentUrl\":\"https:\/\/test.bonaparts.fr\/wp-content\/uploads\/2022\/02\/bonawrench-gris-FINAL.png\",\"width\":1198,\"height\":1080,\"caption\":\"BONAPARTS\"},\"image\":{\"@id\":\"https:\/\/test.bonaparts.fr\/#\/schema\/logo\/image\/\"},\"sameAs\":[\"https:\/\/www.facebook.com\/Bonaparts\/\",\"https:\/\/www.instagram.com\/bona.parts\/?hl=fr\",\"https:\/\/www.youtube.com\/channel\/UCkO8GGQvOEb61jAxA_G9zXQ\"]}]}<\/script>\n<!-- \/ Yoast SEO plugin. -->","yoast_head_json":{"title":"Cloche d&#039;embrayage Piaggio Beverly 125 clutch basket - BONAPARTS","robots":{"index":"index","follow":"follow","max-snippet":"max-snippet:-1","max-image-preview":"max-image-preview:large","max-video-preview":"max-video-preview:-1"},"canonical":"https:\/\/test.bonaparts.fr\/produit\/cloche-dembrayage-piaggio-beverly-125-clutch-basket\/","og_locale":"fr_FR","og_type":"article","og_title":"Cloche d&#039;embrayage Piaggio Beverly 125 clutch basket - BONAPARTS","og_description":"BONAPARTS Cloche d&#8217;embrayage Piaggio Beverly 125 clutch basket \u00c9tat:Quelques l\u00e9g\u00e8re traces d&#8217;oxydation, rien de grave. Adaptable sur : Pi\u00e8ces Aprilia&nbsp;&nbsp;&nbsp;&nbsp; Ann\u00e9e Aprilia Atlantic 125&nbsp;&nbsp;&nbsp;&nbsp; 2003-2009Aprilia Atlantic 125 I.E&nbsp;&nbsp;&nbsp;&nbsp; 2010-2011Aprilia Mojito 125&nbsp;&nbsp;&nbsp;&nbsp; 1999-2004Aprilia Mojito 125 Custom&nbsp;&nbsp;&nbsp;&nbsp; 2002-2012Aprilia Scarabeo 125&nbsp;&nbsp;&nbsp;&nbsp; 1999-2004Aprilia Scarabeo 125 GT&nbsp;&nbsp;&nbsp;&nbsp; 2000-2004Aprilia Scarabeo 125 I.E&nbsp;&nbsp;&nbsp;&nbsp; 2005-2019Aprilia Sport City 125&nbsp;&nbsp;&nbsp;&nbsp; 2004-2008Aprilia Sport City 125 Cube&nbsp;&nbsp;&nbsp;&nbsp; [&hellip;]","og_url":"https:\/\/test.bonaparts.fr\/produit\/cloche-dembrayage-piaggio-beverly-125-clutch-basket\/","og_site_name":"BONAPARTS","article_publisher":"https:\/\/www.facebook.com\/Bonaparts\/","article_modified_time":"2025-08-12T03:01:57+00:00","og_image":[{"width":1600,"height":1066,"url":"https:\/\/i0.wp.com\/bonaparts.fr\/wp-content\/uploads\/imported\/8\/Cloche-dembrayage-Piaggio-Beverly-125-clutch-basket-396322489568.jpg?fit=1600%2C1066&ssl=1","type":"image\/jpeg"}],"twitter_card":"summary_large_image","twitter_misc":{"Dur\u00e9e de lecture estim\u00e9e":"2 minutes"},"schema":{"@context":"https:\/\/schema.org","@graph":[{"@type":"WebPage","@id":"https:\/\/test.bonaparts.fr\/produit\/cloche-dembrayage-piaggio-beverly-125-clutch-basket\/","url":"https:\/\/test.bonaparts.fr\/produit\/cloche-dembrayage-piaggio-beverly-125-clutch-basket\/","name":"Cloche d&#039;embrayage Piaggio Beverly 125 clutch basket - BONAPARTS","isPartOf":{"@id":"https:\/\/test.bonaparts.fr\/#website"},"primaryImageOfPage":{"@id":"https:\/\/test.bonaparts.fr\/produit\/cloche-dembrayage-piaggio-beverly-125-clutch-basket\/#primaryimage"},"image":{"@id":"https:\/\/test.bonaparts.fr\/produit\/cloche-dembrayage-piaggio-beverly-125-clutch-basket\/#primaryimage"},"thumbnailUrl":"https:\/\/test.bonaparts.fr\/wp-content\/uploads\/imported\/8\/Cloche-dembrayage-Piaggio-Beverly-125-clutch-basket-396322489568.jpg","datePublished":"2025-03-15T14:35:52+00:00","dateModified":"2025-08-12T03:01:57+00:00","breadcrumb":{"@id":"https:\/\/test.bonaparts.fr\/produit\/cloche-dembrayage-piaggio-beverly-125-clutch-basket\/#breadcrumb"},"inLanguage":"fr-FR","potentialAction":[{"@type":"ReadAction","target":["https:\/\/test.bonaparts.fr\/produit\/cloche-dembrayage-piaggio-beverly-125-clutch-basket\/"]}]},{"@type":"ImageObject","inLanguage":"fr-FR","@id":"https:\/\/test.bonaparts.fr\/produit\/cloche-dembrayage-piaggio-beverly-125-clutch-basket\/#primaryimage","url":"https:\/\/test.bonaparts.fr\/wp-content\/uploads\/imported\/8\/Cloche-dembrayage-Piaggio-Beverly-125-clutch-basket-396322489568.jpg","contentUrl":"https:\/\/test.bonaparts.fr\/wp-content\/uploads\/imported\/8\/Cloche-dembrayage-Piaggio-Beverly-125-clutch-basket-396322489568.jpg","width":1600,"height":1066},{"@type":"BreadcrumbList","@id":"https:\/\/test.bonaparts.fr\/produit\/cloche-dembrayage-piaggio-beverly-125-clutch-basket\/#breadcrumb","itemListElement":[{"@type":"ListItem","position":1,"name":"Accueil","item":"https:\/\/test.bonaparts.fr\/"},{"@type":"ListItem","position":2,"name":"Accueil","item":"https:\/\/test.bonaparts.fr\/?page_id=823"},{"@type":"ListItem","position":3,"name":"Cloche d&#039;embrayage Piaggio Beverly 125 clutch basket"}]},{"@type":"WebSite","@id":"https:\/\/test.bonaparts.fr\/#website","url":"https:\/\/test.bonaparts.fr\/","name":"BONAPARTS","description":"Pi\u00e8ces d\u00e9tach\u00e9es neuves et d&#039;occasion moto et scooter, sp\u00e9cialiste mono-cylindre 4 temps.","publisher":{"@id":"https:\/\/test.bonaparts.fr\/#organization"},"potentialAction":[{"@type":"SearchAction","target":{"@type":"EntryPoint","urlTemplate":"https:\/\/test.bonaparts.fr\/?s={search_term_string}"},"query-input":{"@type":"PropertyValueSpecification","valueRequired":true,"valueName":"search_term_string"}}],"inLanguage":"fr-FR"},{"@type":"Organization","@id":"https:\/\/test.bonaparts.fr\/#organization","name":"BONAPARTS","url":"https:\/\/test.bonaparts.fr\/","logo":{"@type":"ImageObject","inLanguage":"fr-FR","@id":"https:\/\/test.bonaparts.fr\/#\/schema\/logo\/image\/","url":"https:\/\/test.bonaparts.fr\/wp-content\/uploads\/2022\/02\/bonawrench-gris-FINAL.png","contentUrl":"https:\/\/test.bonaparts.fr\/wp-content\/uploads\/2022\/02\/bonawrench-gris-FINAL.png","width":1198,"height":1080,"caption":"BONAPARTS"},"image":{"@id":"https:\/\/test.bonaparts.fr\/#\/schema\/logo\/image\/"},"sameAs":["https:\/\/www.facebook.com\/Bonaparts\/","https:\/\/www.instagram.com\/bona.parts\/?hl=fr","https:\/\/www.youtube.com\/channel\/UCkO8GGQvOEb61jAxA_G9zXQ"]}]}},"pbg_featured_image_src":{"full":["https:\/\/test.bonaparts.fr\/wp-content\/uploads\/imported\/8\/Cloche-dembrayage-Piaggio-Beverly-125-clutch-basket-396322489568.jpg",1600,1066,false],"thumbnail":["https:\/\/test.bonaparts.fr\/wp-content\/uploads\/imported\/8\/Cloche-dembrayage-Piaggio-Beverly-125-clutch-basket-396322489568-150x150.jpg",150,150,true],"medium":["https:\/\/test.bonaparts.fr\/wp-content\/uploads\/imported\/8\/Cloche-dembrayage-Piaggio-Beverly-125-clutch-basket-396322489568-300x200.jpg",300,200,true],"medium_large":["https:\/\/test.bonaparts.fr\/wp-content\/uploads\/imported\/8\/Cloche-dembrayage-Piaggio-Beverly-125-clutch-basket-396322489568-768x512.jpg",768,512,true],"large":["https:\/\/test.bonaparts.fr\/wp-content\/uploads\/imported\/8\/Cloche-dembrayage-Piaggio-Beverly-125-clutch-basket-396322489568-1024x682.jpg",980,653,true],"1536x1536":["https:\/\/test.bonaparts.fr\/wp-content\/uploads\/imported\/8\/Cloche-dembrayage-Piaggio-Beverly-125-clutch-basket-396322489568-1536x1023.jpg",1536,1023,true],"2048x2048":["https:\/\/test.bonaparts.fr\/wp-content\/uploads\/imported\/8\/Cloche-dembrayage-Piaggio-Beverly-125-clutch-basket-396322489568.jpg",1600,1066,false],"wptouch-new-thumbnail":["https:\/\/test.bonaparts.fr\/wp-content\/uploads\/imported\/8\/Cloche-dembrayage-Piaggio-Beverly-125-clutch-basket-396322489568-144x144.jpg",144,144,true],"woocommerce_thumbnail":["https:\/\/test.bonaparts.fr\/wp-content\/uploads\/imported\/8\/Cloche-dembrayage-Piaggio-Beverly-125-clutch-basket-396322489568-324x324.jpg",324,324,true],"woocommerce_single":["https:\/\/test.bonaparts.fr\/wp-content\/uploads\/imported\/8\/Cloche-dembrayage-Piaggio-Beverly-125-clutch-basket-396322489568-416x277.jpg",416,277,true],"woocommerce_gallery_thumbnail":["https:\/\/test.bonaparts.fr\/wp-content\/uploads\/imported\/8\/Cloche-dembrayage-Piaggio-Beverly-125-clutch-basket-396322489568-100x100.jpg",100,100,true],"wcpr-photo-reviews":["https:\/\/test.bonaparts.fr\/wp-content\/uploads\/imported\/8\/Cloche-dembrayage-Piaggio-Beverly-125-clutch-basket-396322489568-500x333.jpg",500,333,true]},"pbg_author_info":{"display_name":"BONAPARTS","author_link":"https:\/\/test.bonaparts.fr\/?author=0","author_img":"<img alt='BONAPARTS' src='https:\/\/secure.gravatar.com\/avatar\/ee8ffa5ba89d5ffd342c9b67f99c1f2f5462d5ca62704a21f66b42e75e1d19ff?s=128&#038;d=identicon&#038;r=g' srcset='https:\/\/secure.gravatar.com\/avatar\/ee8ffa5ba89d5ffd342c9b67f99c1f2f5462d5ca62704a21f66b42e75e1d19ff?s=256&#038;d=identicon&#038;r=g 2x' class='avatar avatar-128 photo' height='128' width='128' decoding='async'\/>"},"pbg_comment_info":" No Comments","pbg_excerpt":"BONAPARTS Cloche d&#8217;embrayage Piaggio Beverly 125 clutch basket \u00c9tat:Quelques l\u00e9g\u00e8re traces d&#8217;oxydation, rien de grave. Adaptable sur : Pi\u00e8ces Aprilia&nbsp;&nbsp;&nbsp;&nbsp; Ann\u00e9e Aprilia Atlantic 125&nbsp;&nbsp;&nbsp;&nbsp; 2003-2009Aprilia Atlantic 125 I.E&nbsp;&nbsp;&nbsp;&nbsp; 2010-2011Aprilia Mojito 125&nbsp;&nbsp;&nbsp;&nbsp; 1999-2004Aprilia Mojito 125 Custom&nbsp;&nbsp;&nbsp;&nbsp; 2002-2012Aprilia Scarabeo 125&nbsp;&nbsp;&nbsp;&nbsp; 1999-2004Aprilia Scarabeo 125 GT&nbsp;&nbsp;&nbsp;&nbsp; 2000-2004Aprilia Scarabeo 125 I.E&nbsp;&nbsp;&nbsp;&nbsp; 2005-2019Aprilia Sport City 125&nbsp;&nbsp;&nbsp;&nbsp; 2004-2008Aprilia Sport City 125 Cube&nbsp;&nbsp;&nbsp;&nbsp;\u2026","jetpack_likes_enabled":false,"jetpack_sharing_enabled":true,"_links":{"self":[{"href":"https:\/\/test.bonaparts.fr\/index.php?rest_route=\/wp\/v2\/product\/21750","targetHints":{"allow":["GET"]}}],"collection":[{"href":"https:\/\/test.bonaparts.fr\/index.php?rest_route=\/wp\/v2\/product"}],"about":[{"href":"https:\/\/test.bonaparts.fr\/index.php?rest_route=\/wp\/v2\/types\/product"}],"wp:featuredmedia":[{"embeddable":true,"href":"https:\/\/test.bonaparts.fr\/index.php?rest_route=\/wp\/v2\/media\/21751"}],"wp:attachment":[{"href":"https:\/\/test.bonaparts.fr\/index.php?rest_route=%2Fwp%2Fv2%2Fmedia&parent=21750"}],"wp:term":[{"taxonomy":"product_brand","embeddable":true,"href":"https:\/\/test.bonaparts.fr\/index.php?rest_route=%2Fwp%2Fv2%2Fproduct_brand&post=21750"},{"taxonomy":"product_cat","embeddable":true,"href":"https:\/\/test.bonaparts.fr\/index.php?rest_route=%2Fwp%2Fv2%2Fproduct_cat&post=21750"},{"taxonomy":"product_tag","embeddable":true,"href":"https:\/\/test.bonaparts.fr\/index.php?rest_route=%2Fwp%2Fv2%2Fproduct_tag&post=21750"},{"taxonomy":"pa_autre-numero-de-piece","embeddable":true,"href":"https:\/\/test.bonaparts.fr\/index.php?rest_route=%2Fwp%2Fv2%2Fpa_autre-numero-de-piece&post=21750"},{"taxonomy":"pa_type","embeddable":true,"href":"https:\/\/test.bonaparts.fr\/index.php?rest_route=%2Fwp%2Fv2%2Fpa_type&post=21750"}],"curies":[{"name":"wp","href":"https:\/\/api.w.org\/{rel}","templated":true}]}}