{"id":5359,"date":"2022-04-22T17:14:26","date_gmt":"2022-04-22T15:14:26","guid":{"rendered":"https:\/\/test.bonaparts.fr\/produit\/kit-deco-complet-kawasaki-klx110-2010-2022\/"},"modified":"2022-04-22T17:55:23","modified_gmt":"2022-04-22T15:55:23","slug":"deco-klx110-2010-22-blanc","status":"publish","type":"product","link":"https:\/\/test.bonaparts.fr\/?product=deco-klx110-2010-22-blanc","title":{"rendered":"Kit d\u00e9co complet Kawasaki KLX110 2010-2022"},"content":{"rendered":"<p>Kit d\u00e9co complet Kawasaki KLX110 pour mod\u00e8les ann\u00e9es 2010-2022 Vinyle qualit\u00e9 3M<\/p>\n","protected":false},"excerpt":{"rendered":"<p>Kit d\u00e9co complet Kawasaki KLX110 pour mod\u00e8les ann\u00e9es 2010-2022 Vinyle qualit\u00e9 3M<\/p>\n","protected":false},"featured_media":5397,"template":"","meta":[],"product_brand":[],"product_cat":[6453],"product_tag":[7647],"pa_autre-numero-de-piece":[],"pa_type":[],"class_list":{"0":"post-5359","1":"product","2":"type-product","3":"status-publish","4":"has-post-thumbnail","6":"product_cat-carenages-klx110","7":"product_tag-kit-deco-complet-kawasaki-klx110-2010-2022","9":"first","10":"instock","11":"sale","12":"shipping-taxable","13":"purchasable","14":"product-type-simple"},"yoast_head":"<!-- This site is optimized with the Yoast SEO plugin v26.0 - https:\/\/yoast.com\/wordpress\/plugins\/seo\/ -->\n<title>Kit d\u00e9co complet Kawasaki KLX110 2010-2022 - BONAPARTS<\/title>\n<meta name=\"description\" content=\"Rafraichis ta Kawasaki KLX110 avec un kit d\u00e9co complet. Kit d\u00e9co complet Kawasaki KLX110 2010-2022 Vinyle qualit\u00e9 3M - BONAPARTS\" \/>\n<meta name=\"robots\" content=\"index, follow, max-snippet:-1, max-image-preview:large, max-video-preview:-1\" \/>\n<link rel=\"canonical\" href=\"https:\/\/test.bonaparts.fr\/produit\/deco-klx110-2010-22-blanc\/\" \/>\n<meta property=\"og:locale\" content=\"fr_FR\" \/>\n<meta property=\"og:type\" content=\"article\" \/>\n<meta property=\"og:title\" content=\"Kit d\u00e9co complet Kawasaki KLX110 2010-2022 - BONAPARTS\" \/>\n<meta property=\"og:description\" content=\"Rafraichis ta Kawasaki KLX110 avec un kit d\u00e9co complet. Kit d\u00e9co complet Kawasaki KLX110 2010-2022 Vinyle qualit\u00e9 3M - BONAPARTS\" \/>\n<meta property=\"og:url\" content=\"https:\/\/test.bonaparts.fr\/produit\/deco-klx110-2010-22-blanc\/\" \/>\n<meta property=\"og:site_name\" content=\"BONAPARTS\" \/>\n<meta property=\"article:publisher\" content=\"https:\/\/www.facebook.com\/Bonaparts\/\" \/>\n<meta property=\"article:modified_time\" content=\"2022-04-22T15:55:23+00:00\" \/>\n<meta property=\"og:image\" content=\"https:\/\/i0.wp.com\/bonaparts.fr\/wp-content\/uploads\/2022\/04\/Graphisme-int-gral-autocollants-fond-pour-KAWASAKI-KLX-110-KLX110-2010-2011-2012-2013-2014-2015.jpg?fit=995%2C794&ssl=1\" \/>\n\t<meta property=\"og:image:width\" content=\"995\" \/>\n\t<meta property=\"og:image:height\" content=\"794\" \/>\n\t<meta property=\"og:image:type\" content=\"image\/jpeg\" \/>\n<meta name=\"twitter:card\" content=\"summary_large_image\" \/>\n<meta name=\"twitter:label1\" content=\"Dur\u00e9e de lecture estim\u00e9e\" \/>\n\t<meta name=\"twitter:data1\" content=\"1 minute\" \/>\n<script type=\"application\/ld+json\" class=\"yoast-schema-graph\">{\"@context\":\"https:\/\/schema.org\",\"@graph\":[{\"@type\":\"WebPage\",\"@id\":\"https:\/\/test.bonaparts.fr\/produit\/deco-klx110-2010-22-blanc\/\",\"url\":\"https:\/\/test.bonaparts.fr\/produit\/deco-klx110-2010-22-blanc\/\",\"name\":\"Kit d\u00e9co complet Kawasaki KLX110 2010-2022 - BONAPARTS\",\"isPartOf\":{\"@id\":\"https:\/\/test.bonaparts.fr\/#website\"},\"primaryImageOfPage\":{\"@id\":\"https:\/\/test.bonaparts.fr\/produit\/deco-klx110-2010-22-blanc\/#primaryimage\"},\"image\":{\"@id\":\"https:\/\/test.bonaparts.fr\/produit\/deco-klx110-2010-22-blanc\/#primaryimage\"},\"thumbnailUrl\":\"https:\/\/test.bonaparts.fr\/wp-content\/uploads\/2022\/04\/Graphisme-int-gral-autocollants-fond-pour-KAWASAKI-KLX-110-KLX110-2010-2011-2012-2013-2014-2015.jpg\",\"datePublished\":\"2022-04-22T15:14:26+00:00\",\"dateModified\":\"2022-04-22T15:55:23+00:00\",\"description\":\"Rafraichis ta Kawasaki KLX110 avec un kit d\u00e9co complet. Kit d\u00e9co complet Kawasaki KLX110 2010-2022 Vinyle qualit\u00e9 3M - BONAPARTS\",\"breadcrumb\":{\"@id\":\"https:\/\/test.bonaparts.fr\/produit\/deco-klx110-2010-22-blanc\/#breadcrumb\"},\"inLanguage\":\"fr-FR\",\"potentialAction\":[{\"@type\":\"ReadAction\",\"target\":[\"https:\/\/test.bonaparts.fr\/produit\/deco-klx110-2010-22-blanc\/\"]}]},{\"@type\":\"ImageObject\",\"inLanguage\":\"fr-FR\",\"@id\":\"https:\/\/test.bonaparts.fr\/produit\/deco-klx110-2010-22-blanc\/#primaryimage\",\"url\":\"https:\/\/test.bonaparts.fr\/wp-content\/uploads\/2022\/04\/Graphisme-int-gral-autocollants-fond-pour-KAWASAKI-KLX-110-KLX110-2010-2011-2012-2013-2014-2015.jpg\",\"contentUrl\":\"https:\/\/test.bonaparts.fr\/wp-content\/uploads\/2022\/04\/Graphisme-int-gral-autocollants-fond-pour-KAWASAKI-KLX-110-KLX110-2010-2011-2012-2013-2014-2015.jpg\",\"width\":995,\"height\":794},{\"@type\":\"BreadcrumbList\",\"@id\":\"https:\/\/test.bonaparts.fr\/produit\/deco-klx110-2010-22-blanc\/#breadcrumb\",\"itemListElement\":[{\"@type\":\"ListItem\",\"position\":1,\"name\":\"Accueil\",\"item\":\"https:\/\/test.bonaparts.fr\/\"},{\"@type\":\"ListItem\",\"position\":2,\"name\":\"Accueil\",\"item\":\"https:\/\/test.bonaparts.fr\/?page_id=823\"},{\"@type\":\"ListItem\",\"position\":3,\"name\":\"Kit d\u00e9co complet Kawasaki KLX110 2010-2022\"}]},{\"@type\":\"WebSite\",\"@id\":\"https:\/\/test.bonaparts.fr\/#website\",\"url\":\"https:\/\/test.bonaparts.fr\/\",\"name\":\"BONAPARTS\",\"description\":\"Pi\u00e8ces d\u00e9tach\u00e9es neuves et d&#039;occasion moto et scooter, sp\u00e9cialiste mono-cylindre 4 temps.\",\"publisher\":{\"@id\":\"https:\/\/test.bonaparts.fr\/#organization\"},\"potentialAction\":[{\"@type\":\"SearchAction\",\"target\":{\"@type\":\"EntryPoint\",\"urlTemplate\":\"https:\/\/test.bonaparts.fr\/?s={search_term_string}\"},\"query-input\":{\"@type\":\"PropertyValueSpecification\",\"valueRequired\":true,\"valueName\":\"search_term_string\"}}],\"inLanguage\":\"fr-FR\"},{\"@type\":\"Organization\",\"@id\":\"https:\/\/test.bonaparts.fr\/#organization\",\"name\":\"BONAPARTS\",\"url\":\"https:\/\/test.bonaparts.fr\/\",\"logo\":{\"@type\":\"ImageObject\",\"inLanguage\":\"fr-FR\",\"@id\":\"https:\/\/test.bonaparts.fr\/#\/schema\/logo\/image\/\",\"url\":\"https:\/\/test.bonaparts.fr\/wp-content\/uploads\/2022\/02\/bonawrench-gris-FINAL.png\",\"contentUrl\":\"https:\/\/test.bonaparts.fr\/wp-content\/uploads\/2022\/02\/bonawrench-gris-FINAL.png\",\"width\":1198,\"height\":1080,\"caption\":\"BONAPARTS\"},\"image\":{\"@id\":\"https:\/\/test.bonaparts.fr\/#\/schema\/logo\/image\/\"},\"sameAs\":[\"https:\/\/www.facebook.com\/Bonaparts\/\",\"https:\/\/www.instagram.com\/bona.parts\/?hl=fr\",\"https:\/\/www.youtube.com\/channel\/UCkO8GGQvOEb61jAxA_G9zXQ\"]}]}<\/script>\n<!-- \/ Yoast SEO plugin. -->","yoast_head_json":{"title":"Kit d\u00e9co complet Kawasaki KLX110 2010-2022 - BONAPARTS","description":"Rafraichis ta Kawasaki KLX110 avec un kit d\u00e9co complet. Kit d\u00e9co complet Kawasaki KLX110 2010-2022 Vinyle qualit\u00e9 3M - BONAPARTS","robots":{"index":"index","follow":"follow","max-snippet":"max-snippet:-1","max-image-preview":"max-image-preview:large","max-video-preview":"max-video-preview:-1"},"canonical":"https:\/\/test.bonaparts.fr\/produit\/deco-klx110-2010-22-blanc\/","og_locale":"fr_FR","og_type":"article","og_title":"Kit d\u00e9co complet Kawasaki KLX110 2010-2022 - BONAPARTS","og_description":"Rafraichis ta Kawasaki KLX110 avec un kit d\u00e9co complet. Kit d\u00e9co complet Kawasaki KLX110 2010-2022 Vinyle qualit\u00e9 3M - BONAPARTS","og_url":"https:\/\/test.bonaparts.fr\/produit\/deco-klx110-2010-22-blanc\/","og_site_name":"BONAPARTS","article_publisher":"https:\/\/www.facebook.com\/Bonaparts\/","article_modified_time":"2022-04-22T15:55:23+00:00","og_image":[{"width":995,"height":794,"url":"https:\/\/i0.wp.com\/bonaparts.fr\/wp-content\/uploads\/2022\/04\/Graphisme-int-gral-autocollants-fond-pour-KAWASAKI-KLX-110-KLX110-2010-2011-2012-2013-2014-2015.jpg?fit=995%2C794&ssl=1","type":"image\/jpeg"}],"twitter_card":"summary_large_image","twitter_misc":{"Dur\u00e9e de lecture estim\u00e9e":"1 minute"},"schema":{"@context":"https:\/\/schema.org","@graph":[{"@type":"WebPage","@id":"https:\/\/test.bonaparts.fr\/produit\/deco-klx110-2010-22-blanc\/","url":"https:\/\/test.bonaparts.fr\/produit\/deco-klx110-2010-22-blanc\/","name":"Kit d\u00e9co complet Kawasaki KLX110 2010-2022 - BONAPARTS","isPartOf":{"@id":"https:\/\/test.bonaparts.fr\/#website"},"primaryImageOfPage":{"@id":"https:\/\/test.bonaparts.fr\/produit\/deco-klx110-2010-22-blanc\/#primaryimage"},"image":{"@id":"https:\/\/test.bonaparts.fr\/produit\/deco-klx110-2010-22-blanc\/#primaryimage"},"thumbnailUrl":"https:\/\/test.bonaparts.fr\/wp-content\/uploads\/2022\/04\/Graphisme-int-gral-autocollants-fond-pour-KAWASAKI-KLX-110-KLX110-2010-2011-2012-2013-2014-2015.jpg","datePublished":"2022-04-22T15:14:26+00:00","dateModified":"2022-04-22T15:55:23+00:00","description":"Rafraichis ta Kawasaki KLX110 avec un kit d\u00e9co complet. Kit d\u00e9co complet Kawasaki KLX110 2010-2022 Vinyle qualit\u00e9 3M - BONAPARTS","breadcrumb":{"@id":"https:\/\/test.bonaparts.fr\/produit\/deco-klx110-2010-22-blanc\/#breadcrumb"},"inLanguage":"fr-FR","potentialAction":[{"@type":"ReadAction","target":["https:\/\/test.bonaparts.fr\/produit\/deco-klx110-2010-22-blanc\/"]}]},{"@type":"ImageObject","inLanguage":"fr-FR","@id":"https:\/\/test.bonaparts.fr\/produit\/deco-klx110-2010-22-blanc\/#primaryimage","url":"https:\/\/test.bonaparts.fr\/wp-content\/uploads\/2022\/04\/Graphisme-int-gral-autocollants-fond-pour-KAWASAKI-KLX-110-KLX110-2010-2011-2012-2013-2014-2015.jpg","contentUrl":"https:\/\/test.bonaparts.fr\/wp-content\/uploads\/2022\/04\/Graphisme-int-gral-autocollants-fond-pour-KAWASAKI-KLX-110-KLX110-2010-2011-2012-2013-2014-2015.jpg","width":995,"height":794},{"@type":"BreadcrumbList","@id":"https:\/\/test.bonaparts.fr\/produit\/deco-klx110-2010-22-blanc\/#breadcrumb","itemListElement":[{"@type":"ListItem","position":1,"name":"Accueil","item":"https:\/\/test.bonaparts.fr\/"},{"@type":"ListItem","position":2,"name":"Accueil","item":"https:\/\/test.bonaparts.fr\/?page_id=823"},{"@type":"ListItem","position":3,"name":"Kit d\u00e9co complet Kawasaki KLX110 2010-2022"}]},{"@type":"WebSite","@id":"https:\/\/test.bonaparts.fr\/#website","url":"https:\/\/test.bonaparts.fr\/","name":"BONAPARTS","description":"Pi\u00e8ces d\u00e9tach\u00e9es neuves et d&#039;occasion moto et scooter, sp\u00e9cialiste mono-cylindre 4 temps.","publisher":{"@id":"https:\/\/test.bonaparts.fr\/#organization"},"potentialAction":[{"@type":"SearchAction","target":{"@type":"EntryPoint","urlTemplate":"https:\/\/test.bonaparts.fr\/?s={search_term_string}"},"query-input":{"@type":"PropertyValueSpecification","valueRequired":true,"valueName":"search_term_string"}}],"inLanguage":"fr-FR"},{"@type":"Organization","@id":"https:\/\/test.bonaparts.fr\/#organization","name":"BONAPARTS","url":"https:\/\/test.bonaparts.fr\/","logo":{"@type":"ImageObject","inLanguage":"fr-FR","@id":"https:\/\/test.bonaparts.fr\/#\/schema\/logo\/image\/","url":"https:\/\/test.bonaparts.fr\/wp-content\/uploads\/2022\/02\/bonawrench-gris-FINAL.png","contentUrl":"https:\/\/test.bonaparts.fr\/wp-content\/uploads\/2022\/02\/bonawrench-gris-FINAL.png","width":1198,"height":1080,"caption":"BONAPARTS"},"image":{"@id":"https:\/\/test.bonaparts.fr\/#\/schema\/logo\/image\/"},"sameAs":["https:\/\/www.facebook.com\/Bonaparts\/","https:\/\/www.instagram.com\/bona.parts\/?hl=fr","https:\/\/www.youtube.com\/channel\/UCkO8GGQvOEb61jAxA_G9zXQ"]}]}},"pbg_featured_image_src":{"full":["https:\/\/test.bonaparts.fr\/wp-content\/uploads\/2022\/04\/Graphisme-int-gral-autocollants-fond-pour-KAWASAKI-KLX-110-KLX110-2010-2011-2012-2013-2014-2015.jpg",995,794,false],"thumbnail":["https:\/\/test.bonaparts.fr\/wp-content\/uploads\/2022\/04\/Graphisme-int-gral-autocollants-fond-pour-KAWASAKI-KLX-110-KLX110-2010-2011-2012-2013-2014-2015-150x150.jpg",150,150,true],"medium":["https:\/\/test.bonaparts.fr\/wp-content\/uploads\/2022\/04\/Graphisme-int-gral-autocollants-fond-pour-KAWASAKI-KLX-110-KLX110-2010-2011-2012-2013-2014-2015-300x239.jpg",300,239,true],"medium_large":["https:\/\/test.bonaparts.fr\/wp-content\/uploads\/2022\/04\/Graphisme-int-gral-autocollants-fond-pour-KAWASAKI-KLX-110-KLX110-2010-2011-2012-2013-2014-2015-768x613.jpg",768,613,true],"large":["https:\/\/test.bonaparts.fr\/wp-content\/uploads\/2022\/04\/Graphisme-int-gral-autocollants-fond-pour-KAWASAKI-KLX-110-KLX110-2010-2011-2012-2013-2014-2015.jpg",980,782,false],"1536x1536":["https:\/\/test.bonaparts.fr\/wp-content\/uploads\/2022\/04\/Graphisme-int-gral-autocollants-fond-pour-KAWASAKI-KLX-110-KLX110-2010-2011-2012-2013-2014-2015.jpg",995,794,false],"2048x2048":["https:\/\/test.bonaparts.fr\/wp-content\/uploads\/2022\/04\/Graphisme-int-gral-autocollants-fond-pour-KAWASAKI-KLX-110-KLX110-2010-2011-2012-2013-2014-2015.jpg",995,794,false],"wptouch-new-thumbnail":["https:\/\/test.bonaparts.fr\/wp-content\/uploads\/2022\/04\/Graphisme-int-gral-autocollants-fond-pour-KAWASAKI-KLX-110-KLX110-2010-2011-2012-2013-2014-2015-144x144.jpg",144,144,true],"woocommerce_thumbnail":["https:\/\/test.bonaparts.fr\/wp-content\/uploads\/2022\/04\/Graphisme-int-gral-autocollants-fond-pour-KAWASAKI-KLX-110-KLX110-2010-2011-2012-2013-2014-2015-324x324.jpg",324,324,true],"woocommerce_single":["https:\/\/test.bonaparts.fr\/wp-content\/uploads\/2022\/04\/Graphisme-int-gral-autocollants-fond-pour-KAWASAKI-KLX-110-KLX110-2010-2011-2012-2013-2014-2015-416x332.jpg",416,332,true],"woocommerce_gallery_thumbnail":["https:\/\/test.bonaparts.fr\/wp-content\/uploads\/2022\/04\/Graphisme-int-gral-autocollants-fond-pour-KAWASAKI-KLX-110-KLX110-2010-2011-2012-2013-2014-2015-100x100.jpg",100,100,true],"wcpr-photo-reviews":["https:\/\/test.bonaparts.fr\/wp-content\/uploads\/2022\/04\/Graphisme-int-gral-autocollants-fond-pour-KAWASAKI-KLX-110-KLX110-2010-2011-2012-2013-2014-2015-500x399.jpg",500,399,true]},"pbg_author_info":{"display_name":"BONAPARTS","author_link":"https:\/\/test.bonaparts.fr\/?author=0","author_img":"<img alt='BONAPARTS' src='https:\/\/secure.gravatar.com\/avatar\/ee8ffa5ba89d5ffd342c9b67f99c1f2f5462d5ca62704a21f66b42e75e1d19ff?s=128&#038;d=identicon&#038;r=g' srcset='https:\/\/secure.gravatar.com\/avatar\/ee8ffa5ba89d5ffd342c9b67f99c1f2f5462d5ca62704a21f66b42e75e1d19ff?s=256&#038;d=identicon&#038;r=g 2x' class='avatar avatar-128 photo' height='128' width='128' decoding='async'\/>"},"pbg_comment_info":" No Comments","pbg_excerpt":"Kit d\u00e9co complet Kawasaki KLX110 pour mod\u00e8les ann\u00e9es 2010-2022 Vinyle qualit\u00e9 3M","jetpack_likes_enabled":false,"jetpack_sharing_enabled":true,"_links":{"self":[{"href":"https:\/\/test.bonaparts.fr\/index.php?rest_route=\/wp\/v2\/product\/5359","targetHints":{"allow":["GET"]}}],"collection":[{"href":"https:\/\/test.bonaparts.fr\/index.php?rest_route=\/wp\/v2\/product"}],"about":[{"href":"https:\/\/test.bonaparts.fr\/index.php?rest_route=\/wp\/v2\/types\/product"}],"wp:featuredmedia":[{"embeddable":true,"href":"https:\/\/test.bonaparts.fr\/index.php?rest_route=\/wp\/v2\/media\/5397"}],"wp:attachment":[{"href":"https:\/\/test.bonaparts.fr\/index.php?rest_route=%2Fwp%2Fv2%2Fmedia&parent=5359"}],"wp:term":[{"taxonomy":"product_brand","embeddable":true,"href":"https:\/\/test.bonaparts.fr\/index.php?rest_route=%2Fwp%2Fv2%2Fproduct_brand&post=5359"},{"taxonomy":"product_cat","embeddable":true,"href":"https:\/\/test.bonaparts.fr\/index.php?rest_route=%2Fwp%2Fv2%2Fproduct_cat&post=5359"},{"taxonomy":"product_tag","embeddable":true,"href":"https:\/\/test.bonaparts.fr\/index.php?rest_route=%2Fwp%2Fv2%2Fproduct_tag&post=5359"},{"taxonomy":"pa_autre-numero-de-piece","embeddable":true,"href":"https:\/\/test.bonaparts.fr\/index.php?rest_route=%2Fwp%2Fv2%2Fpa_autre-numero-de-piece&post=5359"},{"taxonomy":"pa_type","embeddable":true,"href":"https:\/\/test.bonaparts.fr\/index.php?rest_route=%2Fwp%2Fv2%2Fpa_type&post=5359"}],"curies":[{"name":"wp","href":"https:\/\/api.w.org\/{rel}","templated":true}]}}